CRAN Package Check Results for Package fable

Last updated on 2021-12-03 11:51:48 CET.

Flavor Version Tinstall Tcheck Ttotal Status Flags
r-devel-linux-x86_64-debian-clang 0.3.1 28.72 206.16 234.88 OK
r-devel-linux-x86_64-debian-gcc 0.3.1 21.15 146.90 168.05 OK
r-devel-linux-x86_64-fedora-clang 0.3.1 299.50 NOTE
r-devel-linux-x86_64-fedora-gcc 0.3.1 236.10 OK
r-devel-windows-x86_64-new-UL 0.3.1 58.00 303.00 361.00 OK
r-devel-windows-x86_64-new-TK 0.3.1 OK
r-devel-windows-x86_64-old 0.3.1 45.00 209.00 254.00 OK
r-patched-linux-x86_64 0.3.1 29.06 199.15 228.21 OK
r-patched-solaris-x86 0.3.1 272.50 OK
r-release-linux-x86_64 0.3.1 26.63 196.61 223.24 OK
r-release-macos-arm64 0.3.1 OK
r-release-macos-x86_64 0.3.1 OK
r-release-windows-ix86+x86_64 0.3.1 73.00 430.00 503.00 OK
r-oldrel-macos-x86_64 0.3.1 OK
r-oldrel-windows-ix86+x86_64 0.3.1 74.00 442.00 516.00 OK

Check Details

Version: 0.3.1
Check: Rd cross-references
Result: NOTE
    Undeclared package ‘lmtest’ in Rd xrefs
Flavor: r-devel-linux-x86_64-fedora-clang