CRAN Package Check Results for Package fPortfolio

Last updated on 2021-09-20 04:58:11 CEST.

Flavor Version Tinstall Tcheck Ttotal Status Flags
r-devel-linux-x86_64-debian-clang 3042.83.1 26.96 158.35 185.31 NOTE
r-devel-linux-x86_64-debian-gcc 3042.83.1 19.73 117.29 137.02 NOTE
r-devel-linux-x86_64-fedora-clang 3042.83.1 224.72 NOTE
r-devel-linux-x86_64-fedora-gcc 3042.83.1 215.28 NOTE
r-devel-windows-x86_64 3042.83.1 27.00 124.00 151.00 NOTE
r-devel-windows-x86_64-gcc10-UCRT 3042.83.1 ERROR
r-patched-linux-x86_64 3042.83.1 21.70 150.99 172.69 NOTE
r-patched-solaris-x86 3042.83.1 279.90 NOTE
r-release-linux-x86_64 3042.83.1 21.84 151.47 173.31 NOTE
r-release-macos-arm64 3042.83.1 NOTE
r-release-macos-x86_64 3042.83.1 NOTE
r-release-windows-ix86+x86_64 3042.83.1 48.00 122.00 170.00 NOTE
r-oldrel-macos-x86_64 3042.83.1 NOTE
r-oldrel-windows-ix86+x86_64 3042.83.1 47.00 122.00 169.00 NOTE

Check Details

Version: 3042.83.1
Check: package dependencies
Result: NOTE
    Packages suggested but not available for checking:
     'Rsocp', 'Rnlminb2', 'Rdonlp2'
Flavors: r-devel-linux-x86_64-debian-clang, r-devel-linux-x86_64-debian-gcc, r-devel-linux-x86_64-fedora-clang, r-devel-linux-x86_64-fedora-gcc, r-devel-windows-x86_64, r-patched-linux-x86_64, r-release-linux-x86_64, r-release-macos-x86_64, r-release-windows-ix86+x86_64, r-oldrel-windows-ix86+x86_64

Version: 3042.83.1
Check: package dependencies
Result: ERROR
    Package required but not available: 'rneos'
    
    Packages suggested but not available for checking:
     'Rsocp', 'Rnlminb2', 'Rdonlp2'
    
    See section 'The DESCRIPTION file' in the 'Writing R Extensions'
    manual.
Flavor: r-devel-windows-x86_64-gcc10-UCRT

Version: 3042.83.1
Check: package dependencies
Result: NOTE
    Packages suggested but not available for checking:
     'Rsocp', 'Rnlminb2', 'Rdonlp2', 'Rsymphony'
Flavors: r-patched-solaris-x86, r-release-macos-arm64, r-oldrel-macos-x86_64