CRAN Package Check Results for Package fICA

Last updated on 2022-01-19 00:46:21 CET.

Flavor Version Tinstall Tcheck Ttotal Status Flags
r-devel-linux-x86_64-debian-clang 1.1-2 45.65 40.15 85.80 OK
r-devel-linux-x86_64-debian-gcc 1.1-2 29.50 31.89 61.39 OK
r-devel-linux-x86_64-fedora-clang 1.1-2 119.79 OK
r-devel-linux-x86_64-fedora-gcc 1.1-2 94.79 OK
r-devel-windows-x86_64-new-UL 1.1-2 55.00 77.00 132.00 OK
r-devel-windows-x86_64-new-TK 1.1-2 OK
r-patched-linux-x86_64 1.1-2 29.41 39.78 69.19 OK
r-release-linux-x86_64 1.1-2 OK
r-release-macos-arm64 1.1-2 NOTE
r-release-macos-x86_64 1.1-2 OK
r-release-windows-ix86+x86_64 1.1-2 85.00 80.00 165.00 OK
r-oldrel-macos-x86_64 1.1-2 OK
r-oldrel-windows-ix86+x86_64 1.1-2 88.00 107.00 195.00 OK

Check Details

Version: 1.1-2
Check: installed package size
Result: NOTE
     installed size is 5.5Mb
     sub-directories of 1Mb or more:
     libs 5.3Mb
Flavor: r-release-macos-arm64