CRAN Package Check Results for Package fBonds

Last updated on 2021-09-21 16:51:20 CEST.

Flavor Version Tinstall Tcheck Ttotal Status Flags
r-devel-linux-x86_64-debian-clang 3042.78 6.00 47.92 53.92 NOTE
r-devel-linux-x86_64-debian-gcc 3042.78 4.62 36.79 41.41 NOTE
r-devel-linux-x86_64-fedora-clang 3042.78 71.02 NOTE
r-devel-linux-x86_64-fedora-gcc 3042.78 61.09 NOTE
r-devel-windows-x86_64 3042.78 7.00 49.00 56.00 NOTE
r-devel-windows-x86_64-gcc10-UCRT 3042.78 ERROR
r-patched-linux-x86_64 3042.78 4.95 46.65 51.60 NOTE
r-patched-solaris-x86 3042.78 89.30 NOTE
r-release-linux-x86_64 3042.78 5.70 46.34 52.04 NOTE
r-release-macos-arm64 3042.78 NOTE
r-release-macos-x86_64 3042.78 NOTE
r-release-windows-ix86+x86_64 3042.78 12.00 50.00 62.00 NOTE
r-oldrel-macos-x86_64 3042.78 OK
r-oldrel-windows-ix86+x86_64 3042.78 12.00 48.00 60.00 OK

Check Details

Version: 3042.78
Check: LazyData
Result: NOTE
     'LazyData' is specified without a 'data' directory
Flavors: r-devel-linux-x86_64-debian-clang, r-devel-linux-x86_64-debian-gcc, r-devel-linux-x86_64-fedora-clang, r-devel-linux-x86_64-fedora-gcc, r-devel-windows-x86_64, r-devel-windows-x86_64-gcc10-UCRT, r-patched-linux-x86_64, r-patched-solaris-x86, r-release-linux-x86_64, r-release-macos-arm64, r-release-macos-x86_64, r-release-windows-ix86+x86_64

Version: 3042.78
Check: whether package can be installed
Result: WARN
    Found the following significant warnings:
     WARNING: installation-time patches will not be applied, could not get the patches index
Flavor: r-devel-windows-x86_64-gcc10-UCRT

Version: 3042.78
Check: PDF version of manual
Result: WARN
    LaTeX errors when creating PDF version.
    This typically indicates Rd problems.
Flavor: r-devel-windows-x86_64-gcc10-UCRT

Version: 3042.78
Check: PDF version of manual without hyperrefs or index
Result: ERROR
    Re-running with no redirection of stdout/stderr.
Flavor: r-devel-windows-x86_64-gcc10-UCRT