CRAN Package Check Results for Package eyelinker

Last updated on 2021-08-01 19:51:25 CEST.

Flavor Version Tinstall Tcheck Ttotal Status Flags
r-devel-linux-x86_64-debian-clang 0.2.1 5.17 68.92 74.09 OK
r-devel-linux-x86_64-debian-gcc 0.2.1 4.04 51.09 55.13 OK
r-devel-linux-x86_64-fedora-clang 0.2.1 95.05 OK
r-devel-linux-x86_64-fedora-gcc 0.2.1 84.47 OK
r-devel-windows-x86_64 0.2.1 7.00 93.00 100.00 OK
r-devel-windows-x86_64-gcc10-UCRT 0.2.1 OK
r-patched-linux-x86_64 0.2.1 OK
r-patched-solaris-x86 0.2.1 117.90 OK
r-release-linux-x86_64 0.2.1 4.17 64.47 68.64 OK
r-release-macos-arm64 0.2.1 WARN
r-release-macos-x86_64 0.2.1 OK
r-release-windows-ix86+x86_64 0.2.1 13.00 92.00 105.00 OK
r-oldrel-macos-x86_64 0.2.1 OK
r-oldrel-windows-ix86+x86_64 0.2.1 9.00 88.00 97.00 OK

Check Details

Version: 0.2.1
Check: re-building of vignette outputs
Result: WARN
    Error(s) in re-building vignettes:
    --- re-building ‘basics.Rmd’ using rmarkdown
    Warning in engine$weave(file, quiet = quiet, encoding = enc) :
     Pandoc (>= 1.12.3) not available. Falling back to R Markdown v1.
    Loading required package: eyelinker
    Loading required package: dplyr
    
    Attaching package: 'dplyr'
    
    The following objects are masked from 'package:stats':
    
     filter, lag
    
    The following objects are masked from 'package:base':
    
     intersect, setdiff, setequal, union
    
    Loading required package: tidyr
    Loading required package: ggplot2
    Loading required package: intervals
    
    Attaching package: 'intervals'
    
    The following object is masked from 'package:tidyr':
    
     expand
    
    Loading required package: stringr
    Quitting from lines 133-135 (basics.Rmd)
    Error: processing vignette 'basics.Rmd' failed with diagnostics:
    polygon edge not found
    --- failed re-building ‘basics.Rmd’
    
    --- re-building ‘format.Rmd’ using rmarkdown
    Warning in engine$weave(file, quiet = quiet, encoding = enc) :
     Pandoc (>= 1.12.3) not available. Falling back to R Markdown v1.
    Loading required package: eyelinker
    --- finished re-building ‘format.Rmd’
    
    SUMMARY: processing the following file failed:
     ‘basics.Rmd’
    
    Error: Vignette re-building failed.
    Execution halted
Flavor: r-release-macos-arm64