CRAN Package Check Results for Package exuber

Last updated on 2021-07-28 07:49:20 CEST.

Flavor Version Tinstall Tcheck Ttotal Status Flags
r-devel-linux-x86_64-debian-clang 0.4.2 NOTE
r-devel-linux-x86_64-debian-gcc 0.4.2 29.41 130.79 160.20 NOTE
r-devel-linux-x86_64-fedora-clang 0.4.2 259.88 NOTE
r-devel-linux-x86_64-fedora-gcc 0.4.2 253.65 NOTE
r-devel-windows-x86_64 0.4.2 53.00 217.00 270.00 NOTE
r-devel-windows-x86_64-gcc10-UCRT 0.4.2 NOTE
r-patched-linux-x86_64 0.4.2 37.32 165.77 203.09 NOTE
r-patched-solaris-x86 0.4.2 300.30 NOTE
r-release-linux-x86_64 0.4.2 28.78 166.17 194.95 NOTE
r-release-macos-arm64 0.4.2 WARN
r-release-macos-x86_64 0.4.2 NOTE
r-release-windows-ix86+x86_64 0.4.2 93.00 292.00 385.00 WARN
r-oldrel-macos-x86_64 0.4.2 NOTE
r-oldrel-windows-ix86+x86_64 0.4.2 70.00 297.00 367.00 NOTE

Check Details

Version: 0.4.2
Check: package dependencies
Result: NOTE
    Package suggested but not available for checking: 'exuberdata'
Flavors: r-devel-linux-x86_64-debian-clang, r-devel-linux-x86_64-debian-gcc, r-devel-linux-x86_64-fedora-clang, r-devel-linux-x86_64-fedora-gcc, r-devel-windows-x86_64, r-devel-windows-x86_64-gcc10-UCRT, r-patched-linux-x86_64, r-patched-solaris-x86, r-release-linux-x86_64, r-release-macos-arm64, r-release-macos-x86_64, r-release-windows-ix86+x86_64, r-oldrel-macos-x86_64, r-oldrel-windows-ix86+x86_64

Version: 0.4.2
Check: re-building of vignette outputs
Result: WARN
    Error(s) in re-building vignettes:
    --- re-building ‘exuber.Rmd’ using rmarkdown
    Warning in engine$weave(file, quiet = quiet, encoding = enc) :
     Pandoc (>= 1.12.3) not available. Falling back to R Markdown v1.
    Using `radf_crit` for `cv`.
    Using `radf_crit` for `cv`.
    Using `radf_crit` for `cv`.
    Using `radf_crit` for `cv`.
    Quitting from lines 73-74 (exuber.Rmd)
    Error: processing vignette 'exuber.Rmd' failed with diagnostics:
    polygon edge not found
    --- failed re-building ‘exuber.Rmd’
    
    --- re-building ‘plotting.Rmd’ using rmarkdown
    Warning in engine$weave(file, quiet = quiet, encoding = enc) :
     Pandoc (>= 1.12.3) not available. Falling back to R Markdown v1.
    
    Attaching package: 'dplyr'
    
    The following objects are masked from 'package:stats':
    
     filter, lag
    
    The following objects are masked from 'package:base':
    
     intersect, setdiff, setequal, union
    
    Quitting from lines 58-59 (plotting.Rmd)
    Error: processing vignette 'plotting.Rmd' failed with diagnostics:
    polygon edge not found
    --- failed re-building ‘plotting.Rmd’
    
    --- re-building ‘simulation.Rmd’ using rmarkdown
    Warning in engine$weave(file, quiet = quiet, encoding = enc) :
     Pandoc (>= 1.12.3) not available. Falling back to R Markdown v1.
    
    Attaching package: 'dplyr'
    
    The following object is masked from 'package:gridExtra':
    
     combine
    
    The following objects are masked from 'package:stats':
    
     filter, lag
    
    The following objects are masked from 'package:base':
    
     intersect, setdiff, setequal, union
    
    Warning in grid.Call(C_stringMetric, as.graphicsAnnot(x$label)) :
     no font could be found for family "Arial"
    Warning in grid.Call(C_stringMetric, as.graphicsAnnot(x$label)) :
     no font could be found for family "Arial"
    Warning in grid.Call(C_stringMetric, as.graphicsAnnot(x$label)) :
     no font could be found for family "Arial"
    Warning in grid.Call(C_stringMetric, as.graphicsAnnot(x$label)) :
     no font could be found for family "Arial"
    Warning in grid.Call(C_stringMetric, as.graphicsAnnot(x$label)) :
     no font could be found for family "Arial"
    Warning in grid.Call(C_stringMetric, as.graphicsAnnot(x$label)) :
     no font could be found for family "Arial"
    Warning in grid.Call(C_stringMetric, as.graphicsAnnot(x$label)) :
     no font could be found for family "Arial"
    Warning in grid.Call(C_stringMetric, as.graphicsAnnot(x$label)) :
     no font could be found for family "Arial"
    Warning in grid.Call(C_stringMetric, as.graphicsAnnot(x$label)) :
     no font could be found for family "Arial"
    Warning in grid.Call(C_stringMetric, as.graphicsAnnot(x$label)) :
     no font could be found for family "Arial"
    Warning in grid.Call(C_stringMetric, as.graphicsAnnot(x$label)) :
     no font could be found for family "Arial"
    Warning in grid.Call(C_stringMetric, as.graphicsAnnot(x$label)) :
     no font could be found for family "Arial"
    Warning in grid.Call(C_stringMetric, as.graphicsAnnot(x$label)) :
     no font could be found for family "Arial"
    Warning in grid.Call(C_stringMetric, as.graphicsAnnot(x$label)) :
     no font could be found for family "Arial"
    Warning in grid.Call(C_stringMetric, as.graphicsAnnot(x$label)) :
     no font could be found for family "Arial"
    Warning in grid.Call(C_stringMetric, as.graphicsAnnot(x$label)) :
     no font could be found for family "Arial"
    Warning in grid.Call(C_stringMetric, as.graphicsAnnot(x$label)) :
     no font could be found for family "Arial"
    Warning in grid.Call(C_stringMetric, as.graphicsAnnot(x$label)) :
     no font could be found for family "Arial"
    Warning in grid.Call(C_stringMetric, as.graphicsAnnot(x$label)) :
     no font could be found for family "Arial"
    Warning in grid.Call(C_stringMetric, as.graphicsAnnot(x$label)) :
     no font could be found for family "Arial"
    Warning in grid.Call(C_stringMetric, as.graphicsAnnot(x$label)) :
     no font could be found for family "Arial"
    Warning in grid.Call(C_stringMetric, as.graphicsAnnot(x$label)) :
     no font could be found for family "Arial"
    Warning in grid.Call(C_stringMetric, as.graphicsAnnot(x$label)) :
     no font could be found for family "Arial"
    Warning in grid.Call(C_stringMetric, as.graphicsAnnot(x$label)) :
     no font could be found for family "Arial"
    Warning in grid.Call(C_stringMetric, as.graphicsAnnot(x$label)) :
     no font could be found for family "Arial"
    Warning in grid.Call(C_stringMetric, as.graphicsAnnot(x$label)) :
     no font could be found for family "Arial"
    Warning in grid.Call(C_stringMetric, as.graphicsAnnot(x$label)) :
     no font could be found for family "Arial"
    Warning in grid.Call(C_stringMetric, as.graphicsAnnot(x$label)) :
     no font could be found for family "Arial"
    Quitting from lines 45-57 (simulation.Rmd)
    Error: processing vignette 'simulation.Rmd' failed with diagnostics:
    polygon edge not found
    --- failed re-building ‘simulation.Rmd’
    
    SUMMARY: processing the following files failed:
     ‘exuber.Rmd’ ‘plotting.Rmd’ ‘simulation.Rmd’
    
    Error: Vignette re-building failed.
    Execution halted
Flavor: r-release-macos-arm64

Version: 0.4.2
Check: PDF version of manual
Result: WARN
    LaTeX errors when creating PDF version.
    This typically indicates Rd problems.
    LaTeX errors found:
    ! Argument of \UTFviii@three@octets has an extra }.
    <inserted text>
     \par
    l.15 ...mon Spavound; Enrique Martínez-García}}}{}
     \begin{description}
    ! Paragraph ended before \UTFviii@three@octets was complete.
    <to be read again>
     \par
    l.15 ...mon Spavound; Enrique Martínez-García}}}{}
     \begin{description}
    ! Paragraph ended before \def was complete.
    <to be read again>
     \par
    l.15 ...mon Spavound; Enrique Martínez-García}}}{}
     \begin{description}
    ! Paragraph ended before \def was complete.
    <to be read again>
     \par
    l.15 ...mon Spavound; Enrique Martínez-García}}}{}
     \begin{description}
    ! Paragraph ended before \def was complete.
    <to be read again>
     \par
    l.15 ...mon Spavound; Enrique Martínez-García}}}{}
     \begin{description}
    ! Paragraph ended before \def was complete.
    <to be read again>
     \par
    l.15 ...mon Spavound; Enrique Martínez-García}}}{}
     \begin{description}
    ! Paragraph ended before \def was complete.
    <to be read again>
     \par
    l.15 ...mon Spavound; Enrique Martínez-García}}}{}
     \begin{description}
    ! Paragraph ended before \def was complete.
    <to be read again>
     \par
    l.15 ...mon Spavound; Enrique Martínez-García}}}{}
     \begin{description}
    ! Paragraph ended before \def was complete.
    <to be read again>
     \par
    l.15 ...mon Spavound; Enrique Martínez-García}}}{}
     \begin{description}
    ! Paragraph ended before \def was complete.
    <to be read again>
     \par
    l.15 ...mon Spavound; Enrique Martínez-García}}}{}
     \begin{description}
    ! Paragraph ended before \def was complete.
    <to be read again>
     \par
    l.15 ...mon Spavound; Enrique Martínez-García}}}{}
     \begin{description}
    ! Paragraph ended before \def was complete.
    <to be read again>
     \par
    l.15 ...mon Spavound; Enrique Martínez-García}}}{}
     \begin{description}
    ! Paragraph ended before \def was complete.
    <to be read again>
     \par
    l.15 ...mon Spavound; Enrique Martínez-García}}}{}
     \begin{description}
    ! Paragraph ended before \def was complete.
    <to be read again>
     \par
    l.15 ...mon Spavound; Enrique Martínez-García}}}{}
     \begin{description}
    ! Paragraph ended before \def was complete.
    <to be read again>
     \par
    l.15 ...mon Spavound; Enrique Martínez-García}}}{}
     \begin{description}
    ! Paragraph ended before \def was complete.
    <to be read again>
     \par
    l.15 ...mon Spavound; Enrique Martínez-García}}}{}
     \begin{description}
    ! Paragraph ended before \def was complete.
    <to be read again>
     \par
    l.15 ...mon Spavound; Enrique Martínez-García}}}{}
     \begin{description}
    ! Paragraph ended before \def was complete.
    <to be read again>
     \par
    l.15 ...mon Spavound; Enrique Martínez-García}}}{}
     \begin{description}
    ! Paragraph ended before \def was complete.
    <to be read again>
     \par
    l.15 ...mon Spavound; Enrique Martínez-García}}}{}
     \begin{description}
    ! Paragraph ended before \def was complete.
    <to be read again>
     \par
    l.15 ...mon Spavound; Enrique Martínez-García}}}{}
     \begin{description}
    ! Paragraph ended before \def was complete.
    <to be read again>
     \par
    l.15 ...mon Spavound; Enrique Martínez-García}}}{}
     \begin{description}
    ! Paragraph ended before \def was complete.
    <to be read again>
     \par
    l.15 ...mon Spavound; Enrique Martínez-García}}}{}
     \begin{description}
    ! Paragraph ended before \def was complete.
    <to be read again>
     \par
    l.15 ...mon Spavound; Enrique Martínez-García}}}{}
     \begin{description}
    ! Paragraph ended before \def was complete.
    <to be read again>
     \par
    l.15 ...mon Spavound; Enrique Martínez-García}}}{}
     \begin{description}
    ! Paragraph ended before \def was complete.
    <to be read again>
     \par
    l.15 ...mon Spavound; Enrique Martínez-García}}}{}
     \begin{description}
    ! Paragraph ended before \def was complete.
    <to be read again>
     \par
    l.15 ...mon Spavound; Enrique Martínez-García}}}{}
     \begin{description}
    ! Paragraph ended before \def was complete.
    <to be read again>
     \par
    l.15 ...mon Spavound; Enrique Martínez-García}}}{}
     \begin{description}
    ! Paragraph ended before \def was complete.
    <to be read again>
     \par
    l.15 ...mon Spavound; Enrique Martínez-García}}}{}
     \begin{description}
    ! Paragraph ended before \def was complete.
    <to be read again>
     \par
    l.15 ...mon Spavound; Enrique Martínez-García}}}{}
     \begin{description}
    ! Paragraph ended before \def was complete.
    <to be read again>
     \par
    l.15 ...mon Spavound; Enrique Martínez-García}}}{}
     \begin{description}
    ! Paragraph ended before \def was complete.
    <to be read again>
     \par
    l.15 ...mon Spavound; Enrique Martínez-García}}}{}
     \begin{description}
    ! Paragraph ended before \def was complete.
    <to be read again>
     \par
    l.15 ...mon Spavound; Enrique Martínez-García}}}{}
     \begin{description}
    ! Paragraph ended before \def was complete.
    <to be read again>
     \par
    l.15 ...mon Spavound; Enrique Martínez-García}}}{}
     \begin{description}
    ! Paragraph ended before \def was complete.
    <to be read again>
     \par
    l.15 ...mon Spavound; Enrique Martínez-García}}}{}
     \begin{description}
    ! Paragraph ended before \def was complete.
    <to be read again>
     \par
    l.15 ...mon Spavound; Enrique Martínez-García}}}{}
     \begin{description}
    ! Paragraph ended before \def was complete.
    <to be read again>
     \par
    l.15 ...mon Spavound; Enrique Martínez-García}}}{}
     \begin{description}
    ! Paragraph ended before \def was complete.
    <to be read again>
     \par
    l.15 ...mon Spavound; Enrique Martínez-García}}}{}
     \begin{description}
    ! Paragraph ended before \def was complete.
    <to be read again>
     \par
    l.15 ...mon Spavound; Enrique Martínez-García}}}{}
     \begin{description}
    ! Paragraph ended before \def was complete.
    <to be read again>
     \par
    l.15 ...mon Spavound; Enrique Martínez-García}}}{}
     \begin{description}
    ! Paragraph ended before \def was complete.
    <to be read again>
     \par
    l.15 ...mon Spavound; Enrique Martínez-García}}}{}
     \begin{description}
    ! Paragraph ended before \def was complete.
    <to be read again>
     \par
    l.15 ...mon Spavound; Enrique Martínez-García}}}{}
     \begin{description}
    ! Paragraph ended before \def was complete.
    <to be read again>
     \par
    l.15 ...mon Spavound; Enrique Martínez-García}}}{}
     \begin{description}
    ! Paragraph ended before \def was complete.
    <to be read again>
     \par
    l.15 ...mon Spavound; Enrique Martínez-García}}}{}
     \begin{description}
    ! Paragraph ended before \def was complete.
    <to be read again>
     \par
    l.15 ...mon Spavound; Enrique Martínez-García}}}{}
     \begin{description}
    ! Paragraph ended before \def was complete.
    <to be read again>
     \par
    l.15 ...mon Spavound; Enrique Martínez-García}}}{}
     \begin{description}
    ! Paragraph ended before \def was complete.
    <to be read again>
     \par
    l.15 ...mon Spavound; Enrique Martínez-García}}}{}
     \begin{description}
    ! Paragraph ended before \def was complete.
    <to be read again>
     \par
    l.15 ...mon Spavound; Enrique Martínez-García}}}{}
     \begin{description}
    ! Paragraph ended before \def was complete.
    <to be read again>
     \par
    l.15 ...mon Spavound; Enrique Martínez-García}}}{}
     \begin{description}
    ! Paragraph ended before \def was complete.
    <to be read again>
     \par
    l.15 ...mon Spavound; Enrique Martínez-García}}}{}
     \begin{description}
    ! Paragraph ended before \def was complete.
    <to be read again>
     \par
    l.15 ...mon Spavound; Enrique Martínez-García}}}{}
     \begin{description}
    ! Paragraph ended before \def was complete.
    <to be read again>
     \par
    l.15 ...mon Spavound; Enrique Martínez-García}}}{}
     \begin{description}
    ! Paragraph ended before \def was complete.
    <to be read again>
     \par
    l.15 ...mon Spavound; Enrique Martínez-García}}}{}
     \begin{description}
    ! Paragraph ended before \def was complete.
    <to be read again>
     \par
    l.15 ...mon Spavound; Enrique Martínez-García}}}{}
     \begin{description}
    ! Paragraph ended before \def was complete.
    <to be read again>
     \par
    l.15 ...mon Spavound; Enrique Martínez-García}}}{}
     \begin{description}
    ! Paragraph ended before \def was complete.
    <to be read again>
     \par
    l.15 ...mon Spavound; Enrique Martínez-García}}}{}
     \begin{description}
    ! Paragraph ended before \def was complete.
    <to be read again>
     \par
    l.15 ...mon Spavound; Enrique Martínez-García}}}{}
     \begin{description}
    ! Paragraph ended before \def was complete.
    <to be read again>
     \par
    l.15 ...mon Spavound; Enrique Martínez-García}}}{}
     \begin{description}
    ! Paragraph ended before \def was complete.
    <to be read again>
     \par
    l.15 ...mon Spavound; Enrique Martínez-García}}}{}
     \begin{description}
    ! Paragraph ended before \def was complete.
    <to be read again>
     \par
    l.15 ...mon Spavound; Enrique Martínez-García}}}{}
     \begin{description}
    ! Paragraph ended before \def was complete.
    <to be read again>
     \par
    l.15 ...mon Spavound; Enrique Martínez-García}}}{}
     \begin{description}
    ! Paragraph ended before \def was complete.
    <to be read again>
     \par
    l.15 ...mon Spavound; Enrique Martínez-García}}}{}
     \begin{description}
    ! Paragraph ended before \def was complete.
    <to be read again>
     \par
    l.15 ...mon Spavound; Enrique Martínez-García}}}{}
     \begin{description}
    ! Paragraph ended before \def was complete.
    <to be read again>
     \par
    l.15 ...mon Spavound; Enrique Martínez-García}}}{}
     \begin{description}
    ! Paragraph ended before \def was complete.
    <to be read again>
     \par
    l.15 ...mon Spavound; Enrique Martínez-García}}}{}
     \begin{description}
    ! Paragraph ended before \def was complete.
    <to be read again>
     \par
    l.15 ...mon Spavound; Enrique Martínez-García}}}{}
     \begin{description}
    ! Paragraph ended before \def was complete.
    <to be read again>
     \par
    l.15 ...mon Spavound; Enrique Martínez-García}}}{}
     \begin{description}
    ! Paragraph ended before \def was complete.
    <to be read again>
     \par
    l.15 ...mon Spavound; Enrique Martínez-García}}}{}
     \begin{description}
    ! Paragraph ended before \def was complete.
    <to be read again>
     \par
    l.15 ...mon Spavound; Enrique Martínez-García}}}{}
     \begin{description}
    ! Paragraph ended before \def was complete.
    <to be read again>
     \par
    l.15 ...mon Spavound; Enrique Martínez-García}}}{}
     \begin{description}
    ! Paragraph ended before \def was complete.
    <to be read again>
     \par
    l.15 ...mon Spavound; Enrique Martínez-García}}}{}
     \begin{description}
    ! Paragraph ended before \def was complete.
    <to be read again>
     \par
    l.15 ...mon Spavound; Enrique Martínez-García}}}{}
     \begin{description}
    ! Paragraph ended before \def was complete.
    <to be read again>
     \par
    l.15 ...mon Spavound; Enrique Martínez-García}}}{}
     \begin{description}
    ! Paragraph ended before \def was complete.
    <to be read again>
     \par
    l.15 ...mon Spavound; Enrique Martínez-García}}}{}
     \begin{description}
    ! Paragraph ended before \def was complete.
    <to be read again>
     \par
    l.15 ...mon Spavound; Enrique Martínez-García}}}{}
     \begin{description}
    ! Paragraph ended before \def was complete.
    <to be read again>
     \par
    l.15 ...mon Spavound; Enrique Martínez-García}}}{}
     \begin{description}
    ! Paragraph ended before \def was complete.
    <to be read again>
     \par
    l.15 ...mon Spavound; Enrique Martínez-García}}}{}
     \begin{description}
    ! Paragraph ended before \def was complete.
    <to be read again>
     \par
    l.15 ...mon Spavound; Enrique Martínez-García}}}{}
     \begin{description}
    ! Paragraph ended before \def was complete.
    <to be read again>
     \par
    l.15 ...mon Spavound; Enrique Martínez-García}}}{}
     \begin{description}
    ! Paragraph ended before \def was complete.
    <to be read again>
     \par
    l.15 ...mon Spavound; Enrique Martínez-García}}}{}
     \begin{description}
    ! Paragraph ended before \def was complete.
    <to be read again>
     \par
    l.15 ...mon Spavound; Enrique Martínez-García}}}{}
     \begin{description}
    ! Paragraph ended before \def was complete.
    <to be read again>
     \par
    l.15 ...mon Spavound; Enrique Martínez-García}}}{}
     \begin{description}
    ! Paragraph ended before \def was complete.
    <to be read again>
     \par
    l.15 ...mon Spavound; Enrique Martínez-García}}}{}
     \begin{description}
    ! Paragraph ended before \def was complete.
    <to be read again>
     \par
    l.15 ...mon Spavound; Enrique Martínez-García}}}{}
     \begin{description}
    ! Paragraph ended before \def was complete.
    <to be read again>
     \par
    l.15 ...mon Spavound; Enrique Martínez-García}}}{}
     \begin{description}
    ! Paragraph ended before \def was complete.
    <to be read again>
     \par
    l.15 ...mon Spavound; Enrique Martínez-García}}}{}
     \begin{description}
    ! Paragraph ended before \def was complete.
    <to be read again>
     \par
    l.15 ...mon Spavound; Enrique Martínez-García}}}{}
     \begin{description}
    ! Paragraph ended before \def was complete.
    <to be read again>
     \par
    l.15 ...mon Spavound; Enrique Martínez-García}}}{}
     \begin{description}
    ! Paragraph ended before \def was complete.
    <to be read again>
     \par
    l.15 ...mon Spavound; Enrique Martínez-García}}}{}
     \begin{description}
    ! Paragraph ended before \def was complete.
    <to be read again>
     \par
    l.15 ...mon Spavound; Enrique Martínez-García}}}{}
     \begin{description}
    ! Paragraph ended before \def was complete.
    <to be read again>
     \par
    l.15 ...mon Spavound; Enrique Martínez-García}}}{}
     \begin{description}
    ! Paragraph ended before \def was complete.
    <to be read again>
     \par
    l.15 ...mon Spavound; Enrique Martínez-García}}}{}
     \begin{description}
    ! Paragraph ended before \def was complete.
    <to be read again>
     \par
    l.15 ...mon Spavound; Enrique Martínez-García}}}{}
     \begin{description}
    ! Paragraph ended before \def was complete.
    <to be read again>
     \par
    l.15 ...mon Spavound; Enrique Martínez-García}}}{}
     \begin{description}
    ! Paragraph ended before \def was complete.
    <to be read again>
     \par
    l.15 ...mon Spavound; Enrique Martínez-García}}}{}
     \begin{description}
    ! Paragraph ended before \def was complete.
    <to be read again>
     \par
    l.15 ...mon Spavound; Enrique Martínez-García}}}{}
     \begin{description}
    ! Paragraph ended before \def was complete.
    <to be read again>
     \par
    l.15 ...mon Spavound; Enrique Martínez-García}}}{}
     \begin{description}
    ! Paragraph ended before \def was complete.
    <to be read again>
     \par
    l.15 ...mon Spavound; Enrique Martínez-García}}}{}
     \begin{description}
    ! Paragraph ended before \def was complete.
    <to be read again>
     \par
    l.15 ...mon Spavound; Enrique Martínez-García}}}{}
     \begin{description}
    ! Paragraph ended before \def was complete.
    <to be read again>
     \par
    l.15 ...mon Spavound; Enrique Martínez-García}}}{}
     \begin{description}
    ! Paragraph ended before \def was complete.
    <to be read again>
     \par
    l.15 ...mon Spavound; Enrique Martínez-García}}}{}
     \begin{description}
    ! ==> Fatal error occurred, no output PDF file produced!
Flavor: r-release-windows-ix86+x86_64