CRAN Package Check Results for Package exuber

Last updated on 2021-05-06 04:48:05 CEST.

Flavor Version Tinstall Tcheck Ttotal Status Flags
r-devel-linux-x86_64-debian-clang 0.4.2 39.56 164.82 204.38 WARN
r-devel-linux-x86_64-debian-gcc 0.4.2 30.33 129.88 160.21 NOTE
r-devel-linux-x86_64-fedora-clang 0.4.2 259.51 NOTE
r-devel-linux-x86_64-fedora-gcc 0.4.2 253.06 NOTE
r-devel-windows-ix86+x86_64 0.4.2 91.00 288.00 379.00 WARN
r-devel-windows-x86_64-gcc10-UCRT 0.4.2 NOTE
r-patched-linux-x86_64 0.4.2 38.82 164.57 203.39 NOTE
r-patched-solaris-x86 0.4.2 305.50 NOTE
r-release-linux-x86_64 0.4.2 29.73 166.17 195.90 NOTE
r-release-macos-x86_64 0.4.2 NOTE
r-release-windows-ix86+x86_64 0.4.2 72.00 215.00 287.00 NOTE
r-oldrel-macos-x86_64 0.4.2 NOTE
r-oldrel-windows-ix86+x86_64 0.4.2 85.00 260.00 345.00 NOTE

Check Details

Version: 0.4.2
Check: package dependencies
Result: NOTE
    Package suggested but not available for checking: 'exuberdata'
Flavors: r-devel-linux-x86_64-debian-clang, r-devel-linux-x86_64-debian-gcc, r-devel-linux-x86_64-fedora-clang, r-devel-linux-x86_64-fedora-gcc, r-devel-windows-ix86+x86_64, r-devel-windows-x86_64-gcc10-UCRT, r-patched-linux-x86_64, r-patched-solaris-x86, r-release-linux-x86_64, r-release-macos-x86_64, r-release-windows-ix86+x86_64, r-oldrel-macos-x86_64, r-oldrel-windows-ix86+x86_64

Version: 0.4.2
Check: PDF version of manual
Result: WARN
    LaTeX errors when creating PDF version.
    This typically indicates Rd problems.
    LaTeX errors found:
    ! Argument of \UTFviii@three@octets@combine has an extra }.
    <inserted text>
     \par
    l.15 ...mon Spavound; Enrique Martínez-García}}}{}
     \begin{description}
    ! Paragraph ended before \UTFviii@three@octets@combine was complete.
    <to be read again>
     \par
    l.15 ...mon Spavound; Enrique Martínez-García}}}{}
     \begin{description}
    ! Paragraph ended before \def was complete.
    <to be read again>
     \par
    l.15 ...mon Spavound; Enrique Martínez-García}}}{}
     \begin{description}
    ! Paragraph ended before \def was complete.
    <to be read again>
     \par
    l.15 ...mon Spavound; Enrique Martínez-García}}}{}
     \begin{description}
    ! Paragraph ended before \def was complete.
    <to be read again>
     \par
    l.15 ...mon Spavound; Enrique Martínez-García}}}{}
     \begin{description}
    ! Paragraph ended before \def was complete.
    <to be read again>
     \par
    l.15 ...mon Spavound; Enrique Martínez-García}}}{}
     \begin{description}
    ! Paragraph ended before \def was complete.
    <to be read again>
     \par
    l.15 ...mon Spavound; Enrique Martínez-García}}}{}
     \begin{description}
    ! Paragraph ended before \def was complete.
    <to be read again>
     \par
    l.15 ...mon Spavound; Enrique Martínez-García}}}{}
     \begin{description}
    ! Paragraph ended before \def was complete.
    <to be read again>
     \par
    l.15 ...mon Spavound; Enrique Martínez-García}}}{}
     \begin{description}
    ! Paragraph ended before \def was complete.
    <to be read again>
     \par
    l.15 ...mon Spavound; Enrique Martínez-García}}}{}
     \begin{description}
    ! Paragraph ended before \def was complete.
    <to be read again>
     \par
    l.15 ...mon Spavound; Enrique Martínez-García}}}{}
     \begin{description}
    ! Paragraph ended before \def was complete.
    <to be read again>
     \par
    l.15 ...mon Spavound; Enrique Martínez-García}}}{}
     \begin{description}
    ! Paragraph ended before \def was complete.
    <to be read again>
     \par
    l.15 ...mon Spavound; Enrique Martínez-García}}}{}
     \begin{description}
    ! Paragraph ended before \def was complete.
    <to be read again>
     \par
    l.15 ...mon Spavound; Enrique Martínez-García}}}{}
     \begin{description}
    ! Paragraph ended before \def was complete.
    <to be read again>
     \par
    l.15 ...mon Spavound; Enrique Martínez-García}}}{}
     \begin{description}
    ! Paragraph ended before \def was complete.
    <to be read again>
     \par
    l.15 ...mon Spavound; Enrique Martínez-García}}}{}
     \begin{description}
    ! Paragraph ended before \def was complete.
    <to be read again>
     \par
    l.15 ...mon Spavound; Enrique Martínez-García}}}{}
     \begin{description}
    ! Paragraph ended before \def was complete.
    <to be read again>
     \par
    l.15 ...mon Spavound; Enrique Martínez-García}}}{}
     \begin{description}
    ! Paragraph ended before \def was complete.
    <to be read again>
     \par
    l.15 ...mon Spavound; Enrique Martínez-García}}}{}
     \begin{description}
    ! Paragraph ended before \def was complete.
    <to be read again>
     \par
    l.15 ...mon Spavound; Enrique Martínez-García}}}{}
     \begin{description}
    ! Paragraph ended before \def was complete.
    <to be read again>
     \par
    l.15 ...mon Spavound; Enrique Martínez-García}}}{}
     \begin{description}
    ! Paragraph ended before \def was complete.
    <to be read again>
     \par
    l.15 ...mon Spavound; Enrique Martínez-García}}}{}
     \begin{description}
    ! Paragraph ended before \def was complete.
    <to be read again>
     \par
    l.15 ...mon Spavound; Enrique Martínez-García}}}{}
     \begin{description}
    ! Paragraph ended before \def was complete.
    <to be read again>
     \par
    l.15 ...mon Spavound; Enrique Martínez-García}}}{}
     \begin{description}
    ! Paragraph ended before \def was complete.
    <to be read again>
     \par
    l.15 ...mon Spavound; Enrique Martínez-García}}}{}
     \begin{description}
    ! Paragraph ended before \def was complete.
    <to be read again>
     \par
    l.15 ...mon Spavound; Enrique Martínez-García}}}{}
     \begin{description}
    ! Paragraph ended before \def was complete.
    <to be read again>
     \par
    l.15 ...mon Spavound; Enrique Martínez-García}}}{}
     \begin{description}
    ! Paragraph ended before \def was complete.
    <to be read again>
     \par
    l.15 ...mon Spavound; Enrique Martínez-García}}}{}
     \begin{description}
    ! Paragraph ended before \def was complete.
    <to be read again>
     \par
    l.15 ...mon Spavound; Enrique Martínez-García}}}{}
     \begin{description}
    ! Paragraph ended before \def was complete.
    <to be read again>
     \par
    l.15 ...mon Spavound; Enrique Martínez-García}}}{}
     \begin{description}
    ! Paragraph ended before \def was complete.
    <to be read again>
     \par
    l.15 ...mon Spavound; Enrique Martínez-García}}}{}
     \begin{description}
    ! Paragraph ended before \def was complete.
    <to be read again>
     \par
    l.15 ...mon Spavound; Enrique Martínez-García}}}{}
     \begin{description}
    ! Paragraph ended before \def was complete.
    <to be read again>
     \par
    l.15 ...mon Spavound; Enrique Martínez-García}}}{}
     \begin{description}
    ! Paragraph ended before \def was complete.
    <to be read again>
     \par
    l.15 ...mon Spavound; Enrique Martínez-García}}}{}
     \begin{description}
    ! Paragraph ended before \def was complete.
    <to be read again>
     \par
    l.15 ...mon Spavound; Enrique Martínez-García}}}{}
     \begin{description}
    ! Paragraph ended before \def was complete.
    <to be read again>
     \par
    l.15 ...mon Spavound; Enrique Martínez-García}}}{}
     \begin{description}
    ! Paragraph ended before \def was complete.
    <to be read again>
     \par
    l.15 ...mon Spavound; Enrique Martínez-García}}}{}
     \begin{description}
    ! Paragraph ended before \def was complete.
    <to be read again>
     \par
    l.15 ...mon Spavound; Enrique Martínez-García}}}{}
     \begin{description}
    ! Paragraph ended before \def was complete.
    <to be read again>
     \par
    l.15 ...mon Spavound; Enrique Martínez-García}}}{}
     \begin{description}
    ! Paragraph ended before \def was complete.
    <to be read again>
     \par
    l.15 ...mon Spavound; Enrique Martínez-García}}}{}
     \begin{description}
    ! Paragraph ended before \def was complete.
    <to be read again>
     \par
    l.15 ...mon Spavound; Enrique Martínez-García}}}{}
     \begin{description}
    ! Paragraph ended before \def was complete.
    <to be read again>
     \par
    l.15 ...mon Spavound; Enrique Martínez-García}}}{}
     \begin{description}
    ! Paragraph ended before \def was complete.
    <to be read again>
     \par
    l.15 ...mon Spavound; Enrique Martínez-García}}}{}
     \begin{description}
    ! Paragraph ended before \def was complete.
    <to be read again>
     \par
    l.15 ...mon Spavound; Enrique Martínez-García}}}{}
     \begin{description}
    ! Paragraph ended before \def was complete.
    <to be read again>
     \par
    l.15 ...mon Spavound; Enrique Martínez-García}}}{}
     \begin{description}
    ! Paragraph ended before \def was complete.
    <to be read again>
     \par
    l.15 ...mon Spavound; Enrique Martínez-García}}}{}
     \begin{description}
    ! Paragraph ended before \def was complete.
    <to be read again>
     \par
    l.15 ...mon Spavound; Enrique Martínez-García}}}{}
     \begin{description}
    ! Paragraph ended before \def was complete.
    <to be read again>
     \par
    l.15 ...mon Spavound; Enrique Martínez-García}}}{}
     \begin{description}
    ! Paragraph ended before \def was complete.
    <to be read again>
     \par
    l.15 ...mon Spavound; Enrique Martínez-García}}}{}
     \begin{description}
    ! Paragraph ended before \def was complete.
    <to be read again>
     \par
    l.15 ...mon Spavound; Enrique Martínez-García}}}{}
     \begin{description}
    ! Paragraph ended before \def was complete.
    <to be read again>
     \par
    l.15 ...mon Spavound; Enrique Martínez-García}}}{}
     \begin{description}
    ! Paragraph ended before \def was complete.
    <to be read again>
     \par
    l.15 ...mon Spavound; Enrique Martínez-García}}}{}
     \begin{description}
    ! Paragraph ended before \def was complete.
    <to be read again>
     \par
    l.15 ...mon Spavound; Enrique Martínez-García}}}{}
     \begin{description}
    ! Paragraph ended before \def was complete.
    <to be read again>
     \par
    l.15 ...mon Spavound; Enrique Martínez-García}}}{}
     \begin{description}
    ! Paragraph ended before \def was complete.
    <to be read again>
     \par
    l.15 ...mon Spavound; Enrique Martínez-García}}}{}
     \begin{description}
    ! Paragraph ended before \def was complete.
    <to be read again>
     \par
    l.15 ...mon Spavound; Enrique Martínez-García}}}{}
     \begin{description}
    ! Paragraph ended before \def was complete.
    <to be read again>
     \par
    l.15 ...mon Spavound; Enrique Martínez-García}}}{}
     \begin{description}
    ! Paragraph ended before \def was complete.
    <to be read again>
     \par
    l.15 ...mon Spavound; Enrique Martínez-García}}}{}
     \begin{description}
    ! Paragraph ended before \def was complete.
    <to be read again>
     \par
    l.15 ...mon Spavound; Enrique Martínez-García}}}{}
     \begin{description}
    ! Paragraph ended before \def was complete.
    <to be read again>
     \par
    l.15 ...mon Spavound; Enrique Martínez-García}}}{}
     \begin{description}
    ! Paragraph ended before \def was complete.
    <to be read again>
     \par
    l.15 ...mon Spavound; Enrique Martínez-García}}}{}
     \begin{description}
    ! Paragraph ended before \def was complete.
    <to be read again>
     \par
    l.15 ...mon Spavound; Enrique Martínez-García}}}{}
     \begin{description}
    ! Paragraph ended before \def was complete.
    <to be read again>
     \par
    l.15 ...mon Spavound; Enrique Martínez-García}}}{}
     \begin{description}
    ! Paragraph ended before \def was complete.
    <to be read again>
     \par
    l.15 ...mon Spavound; Enrique Martínez-García}}}{}
     \begin{description}
    ! Paragraph ended before \def was complete.
    <to be read again>
     \par
    l.15 ...mon Spavound; Enrique Martínez-García}}}{}
     \begin{description}
    ! Paragraph ended before \def was complete.
    <to be read again>
     \par
    l.15 ...mon Spavound; Enrique Martínez-García}}}{}
     \begin{description}
    ! Paragraph ended before \def was complete.
    <to be read again>
     \par
    l.15 ...mon Spavound; Enrique Martínez-García}}}{}
     \begin{description}
    ! Paragraph ended before \def was complete.
    <to be read again>
     \par
    l.15 ...mon Spavound; Enrique Martínez-García}}}{}
     \begin{description}
    ! Paragraph ended before \def was complete.
    <to be read again>
     \par
    l.15 ...mon Spavound; Enrique Martínez-García}}}{}
     \begin{description}
    ! Paragraph ended before \def was complete.
    <to be read again>
     \par
    l.15 ...mon Spavound; Enrique Martínez-García}}}{}
     \begin{description}
    ! Paragraph ended before \def was complete.
    <to be read again>
     \par
    l.15 ...mon Spavound; Enrique Martínez-García}}}{}
     \begin{description}
    ! Paragraph ended before \def was complete.
    <to be read again>
     \par
    l.15 ...mon Spavound; Enrique Martínez-García}}}{}
     \begin{description}
    ! Paragraph ended before \def was complete.
    <to be read again>
     \par
    l.15 ...mon Spavound; Enrique Martínez-García}}}{}
     \begin{description}
    ! Paragraph ended before \def was complete.
    <to be read again>
     \par
    l.15 ...mon Spavound; Enrique Martínez-García}}}{}
     \begin{description}
    ! Paragraph ended before \def was complete.
    <to be read again>
     \par
    l.15 ...mon Spavound; Enrique Martínez-García}}}{}
     \begin{description}
    ! Paragraph ended before \def was complete.
    <to be read again>
     \par
    l.15 ...mon Spavound; Enrique Martínez-García}}}{}
     \begin{description}
    ! Paragraph ended before \def was complete.
    <to be read again>
     \par
    l.15 ...mon Spavound; Enrique Martínez-García}}}{}
     \begin{description}
    ! Paragraph ended before \def was complete.
    <to be read again>
     \par
    l.15 ...mon Spavound; Enrique Martínez-García}}}{}
     \begin{description}
    ! Paragraph ended before \def was complete.
    <to be read again>
     \par
    l.15 ...mon Spavound; Enrique Martínez-García}}}{}
     \begin{description}
    ! Paragraph ended before \def was complete.
    <to be read again>
     \par
    l.15 ...mon Spavound; Enrique Martínez-García}}}{}
     \begin{description}
    ! Paragraph ended before \def was complete.
    <to be read again>
     \par
    l.15 ...mon Spavound; Enrique Martínez-García}}}{}
     \begin{description}
    ! Paragraph ended before \def was complete.
    <to be read again>
     \par
    l.15 ...mon Spavound; Enrique Martínez-García}}}{}
     \begin{description}
    ! Paragraph ended before \def was complete.
    <to be read again>
     \par
    l.15 ...mon Spavound; Enrique Martínez-García}}}{}
     \begin{description}
    ! Paragraph ended before \def was complete.
    <to be read again>
     \par
    l.15 ...mon Spavound; Enrique Martínez-García}}}{}
     \begin{description}
    ! Paragraph ended before \def was complete.
    <to be read again>
     \par
    l.15 ...mon Spavound; Enrique Martínez-García}}}{}
     \begin{description}
    ! Paragraph ended before \def was complete.
    <to be read again>
     \par
    l.15 ...mon Spavound; Enrique Martínez-García}}}{}
     \begin{description}
    ! Paragraph ended before \def was complete.
    <to be read again>
     \par
    l.15 ...mon Spavound; Enrique Martínez-García}}}{}
     \begin{description}
    ! Paragraph ended before \def was complete.
    <to be read again>
     \par
    l.15 ...mon Spavound; Enrique Martínez-García}}}{}
     \begin{description}
    ! Paragraph ended before \def was complete.
    <to be read again>
     \par
    l.15 ...mon Spavound; Enrique Martínez-García}}}{}
     \begin{description}
    ! Paragraph ended before \def was complete.
    <to be read again>
     \par
    l.15 ...mon Spavound; Enrique Martínez-García}}}{}
     \begin{description}
    ! Paragraph ended before \def was complete.
    <to be read again>
     \par
    l.15 ...mon Spavound; Enrique Martínez-García}}}{}
     \begin{description}
    ! Paragraph ended before \def was complete.
    <to be read again>
     \par
    l.15 ...mon Spavound; Enrique Martínez-García}}}{}
     \begin{description}
    ! Paragraph ended before \def was complete.
    <to be read again>
     \par
    l.15 ...mon Spavound; Enrique Martínez-García}}}{}
     \begin{description}
    ! Paragraph ended before \def was complete.
    <to be read again>
     \par
    l.15 ...mon Spavound; Enrique Martínez-García}}}{}
     \begin{description}
    ! Paragraph ended before \def was complete.
    <to be read again>
     \par
    l.15 ...mon Spavound; Enrique Martínez-García}}}{}
     \begin{description}
    ! Paragraph ended before \def was complete.
    <to be read again>
     \par
    l.15 ...mon Spavound; Enrique Martínez-García}}}{}
     \begin{description}
    ! Paragraph ended before \def was complete.
    <to be read again>
     \par
    l.15 ...mon Spavound; Enrique Martínez-García}}}{}
     \begin{description}
    ! Paragraph ended before \def was complete.
    <to be read again>
     \par
    l.15 ...mon Spavound; Enrique Martínez-García}}}{}
     \begin{description}
    ! Paragraph ended before \def was complete.
    <to be read again>
     \par
    l.15 ...mon Spavound; Enrique Martínez-García}}}{}
     \begin{description}
    ! Paragraph ended before \def was complete.
    <to be read again>
     \par
    l.15 ...mon Spavound; Enrique Martínez-García}}}{}
     \begin{description}
    ! ==> Fatal error occurred, no output PDF file produced!
Flavor: r-devel-linux-x86_64-debian-clang

Version: 0.4.2
Check: for non-standard things in the check directory
Result: NOTE
    Found the following files/directories:
     'exuber-manual.tex'
Flavor: r-devel-linux-x86_64-debian-clang

Version: 0.4.2
Check: PDF version of manual
Result: WARN
    LaTeX errors when creating PDF version.
    This typically indicates Rd problems.
    LaTeX errors found:
    ! Argument of \UTFviii@three@octets has an extra }.
    <inserted text>
     \par
    l.15 ...mon Spavound; Enrique Martínez-García}}}{}
     \begin{description}
    ! Paragraph ended before \UTFviii@three@octets was complete.
    <to be read again>
     \par
    l.15 ...mon Spavound; Enrique Martínez-García}}}{}
     \begin{description}
    ! Paragraph ended before \def was complete.
    <to be read again>
     \par
    l.15 ...mon Spavound; Enrique Martínez-García}}}{}
     \begin{description}
    ! Paragraph ended before \def was complete.
    <to be read again>
     \par
    l.15 ...mon Spavound; Enrique Martínez-García}}}{}
     \begin{description}
    ! Paragraph ended before \def was complete.
    <to be read again>
     \par
    l.15 ...mon Spavound; Enrique Martínez-García}}}{}
     \begin{description}
    ! Paragraph ended before \def was complete.
    <to be read again>
     \par
    l.15 ...mon Spavound; Enrique Martínez-García}}}{}
     \begin{description}
    ! Paragraph ended before \def was complete.
    <to be read again>
     \par
    l.15 ...mon Spavound; Enrique Martínez-García}}}{}
     \begin{description}
    ! Paragraph ended before \def was complete.
    <to be read again>
     \par
    l.15 ...mon Spavound; Enrique Martínez-García}}}{}
     \begin{description}
    ! Paragraph ended before \def was complete.
    <to be read again>
     \par
    l.15 ...mon Spavound; Enrique Martínez-García}}}{}
     \begin{description}
    ! Paragraph ended before \def was complete.
    <to be read again>
     \par
    l.15 ...mon Spavound; Enrique Martínez-García}}}{}
     \begin{description}
    ! Paragraph ended before \def was complete.
    <to be read again>
     \par
    l.15 ...mon Spavound; Enrique Martínez-García}}}{}
     \begin{description}
    ! Paragraph ended before \def was complete.
    <to be read again>
     \par
    l.15 ...mon Spavound; Enrique Martínez-García}}}{}
     \begin{description}
    ! Paragraph ended before \def was complete.
    <to be read again>
     \par
    l.15 ...mon Spavound; Enrique Martínez-García}}}{}
     \begin{description}
    ! Paragraph ended before \def was complete.
    <to be read again>
     \par
    l.15 ...mon Spavound; Enrique Martínez-García}}}{}
     \begin{description}
    ! Paragraph ended before \def was complete.
    <to be read again>
     \par
    l.15 ...mon Spavound; Enrique Martínez-García}}}{}
     \begin{description}
    ! Paragraph ended before \def was complete.
    <to be read again>
     \par
    l.15 ...mon Spavound; Enrique Martínez-García}}}{}
     \begin{description}
    ! Paragraph ended before \def was complete.
    <to be read again>
     \par
    l.15 ...mon Spavound; Enrique Martínez-García}}}{}
     \begin{description}
    ! Paragraph ended before \def was complete.
    <to be read again>
     \par
    l.15 ...mon Spavound; Enrique Martínez-García}}}{}
     \begin{description}
    ! Paragraph ended before \def was complete.
    <to be read again>
     \par
    l.15 ...mon Spavound; Enrique Martínez-García}}}{}
     \begin{description}
    ! Paragraph ended before \def was complete.
    <to be read again>
     \par
    l.15 ...mon Spavound; Enrique Martínez-García}}}{}
     \begin{description}
    ! Paragraph ended before \def was complete.
    <to be read again>
     \par
    l.15 ...mon Spavound; Enrique Martínez-García}}}{}
     \begin{description}
    ! Paragraph ended before \def was complete.
    <to be read again>
     \par
    l.15 ...mon Spavound; Enrique Martínez-García}}}{}
     \begin{description}
    ! Paragraph ended before \def was complete.
    <to be read again>
     \par
    l.15 ...mon Spavound; Enrique Martínez-García}}}{}
     \begin{description}
    ! Paragraph ended before \def was complete.
    <to be read again>
     \par
    l.15 ...mon Spavound; Enrique Martínez-García}}}{}
     \begin{description}
    ! Paragraph ended before \def was complete.
    <to be read again>
     \par
    l.15 ...mon Spavound; Enrique Martínez-García}}}{}
     \begin{description}
    ! Paragraph ended before \def was complete.
    <to be read again>
     \par
    l.15 ...mon Spavound; Enrique Martínez-García}}}{}
     \begin{description}
    ! Paragraph ended before \def was complete.
    <to be read again>
     \par
    l.15 ...mon Spavound; Enrique Martínez-García}}}{}
     \begin{description}
    ! Paragraph ended before \def was complete.
    <to be read again>
     \par
    l.15 ...mon Spavound; Enrique Martínez-García}}}{}
     \begin{description}
    ! Paragraph ended before \def was complete.
    <to be read again>
     \par
    l.15 ...mon Spavound; Enrique Martínez-García}}}{}
     \begin{description}
    ! Paragraph ended before \def was complete.
    <to be read again>
     \par
    l.15 ...mon Spavound; Enrique Martínez-García}}}{}
     \begin{description}
    ! Paragraph ended before \def was complete.
    <to be read again>
     \par
    l.15 ...mon Spavound; Enrique Martínez-García}}}{}
     \begin{description}
    ! Paragraph ended before \def was complete.
    <to be read again>
     \par
    l.15 ...mon Spavound; Enrique Martínez-García}}}{}
     \begin{description}
    ! Paragraph ended before \def was complete.
    <to be read again>
     \par
    l.15 ...mon Spavound; Enrique Martínez-García}}}{}
     \begin{description}
    ! Paragraph ended before \def was complete.
    <to be read again>
     \par
    l.15 ...mon Spavound; Enrique Martínez-García}}}{}
     \begin{description}
    ! Paragraph ended before \def was complete.
    <to be read again>
     \par
    l.15 ...mon Spavound; Enrique Martínez-García}}}{}
     \begin{description}
    ! Paragraph ended before \def was complete.
    <to be read again>
     \par
    l.15 ...mon Spavound; Enrique Martínez-García}}}{}
     \begin{description}
    ! Paragraph ended before \def was complete.
    <to be read again>
     \par
    l.15 ...mon Spavound; Enrique Martínez-García}}}{}
     \begin{description}
    ! Paragraph ended before \def was complete.
    <to be read again>
     \par
    l.15 ...mon Spavound; Enrique Martínez-García}}}{}
     \begin{description}
    ! Paragraph ended before \def was complete.
    <to be read again>
     \par
    l.15 ...mon Spavound; Enrique Martínez-García}}}{}
     \begin{description}
    ! Paragraph ended before \def was complete.
    <to be read again>
     \par
    l.15 ...mon Spavound; Enrique Martínez-García}}}{}
     \begin{description}
    ! Paragraph ended before \def was complete.
    <to be read again>
     \par
    l.15 ...mon Spavound; Enrique Martínez-García}}}{}
     \begin{description}
    ! Paragraph ended before \def was complete.
    <to be read again>
     \par
    l.15 ...mon Spavound; Enrique Martínez-García}}}{}
     \begin{description}
    ! Paragraph ended before \def was complete.
    <to be read again>
     \par
    l.15 ...mon Spavound; Enrique Martínez-García}}}{}
     \begin{description}
    ! Paragraph ended before \def was complete.
    <to be read again>
     \par
    l.15 ...mon Spavound; Enrique Martínez-García}}}{}
     \begin{description}
    ! Paragraph ended before \def was complete.
    <to be read again>
     \par
    l.15 ...mon Spavound; Enrique Martínez-García}}}{}
     \begin{description}
    ! Paragraph ended before \def was complete.
    <to be read again>
     \par
    l.15 ...mon Spavound; Enrique Martínez-García}}}{}
     \begin{description}
    ! Paragraph ended before \def was complete.
    <to be read again>
     \par
    l.15 ...mon Spavound; Enrique Martínez-García}}}{}
     \begin{description}
    ! Paragraph ended before \def was complete.
    <to be read again>
     \par
    l.15 ...mon Spavound; Enrique Martínez-García}}}{}
     \begin{description}
    ! Paragraph ended before \def was complete.
    <to be read again>
     \par
    l.15 ...mon Spavound; Enrique Martínez-García}}}{}
     \begin{description}
    ! Paragraph ended before \def was complete.
    <to be read again>
     \par
    l.15 ...mon Spavound; Enrique Martínez-García}}}{}
     \begin{description}
    ! Paragraph ended before \def was complete.
    <to be read again>
     \par
    l.15 ...mon Spavound; Enrique Martínez-García}}}{}
     \begin{description}
    ! Paragraph ended before \def was complete.
    <to be read again>
     \par
    l.15 ...mon Spavound; Enrique Martínez-García}}}{}
     \begin{description}
    ! Paragraph ended before \def was complete.
    <to be read again>
     \par
    l.15 ...mon Spavound; Enrique Martínez-García}}}{}
     \begin{description}
    ! Paragraph ended before \def was complete.
    <to be read again>
     \par
    l.15 ...mon Spavound; Enrique Martínez-García}}}{}
     \begin{description}
    ! Paragraph ended before \def was complete.
    <to be read again>
     \par
    l.15 ...mon Spavound; Enrique Martínez-García}}}{}
     \begin{description}
    ! Paragraph ended before \def was complete.
    <to be read again>
     \par
    l.15 ...mon Spavound; Enrique Martínez-García}}}{}
     \begin{description}
    ! Paragraph ended before \def was complete.
    <to be read again>
     \par
    l.15 ...mon Spavound; Enrique Martínez-García}}}{}
     \begin{description}
    ! Paragraph ended before \def was complete.
    <to be read again>
     \par
    l.15 ...mon Spavound; Enrique Martínez-García}}}{}
     \begin{description}
    ! Paragraph ended before \def was complete.
    <to be read again>
     \par
    l.15 ...mon Spavound; Enrique Martínez-García}}}{}
     \begin{description}
    ! Paragraph ended before \def was complete.
    <to be read again>
     \par
    l.15 ...mon Spavound; Enrique Martínez-García}}}{}
     \begin{description}
    ! Paragraph ended before \def was complete.
    <to be read again>
     \par
    l.15 ...mon Spavound; Enrique Martínez-García}}}{}
     \begin{description}
    ! Paragraph ended before \def was complete.
    <to be read again>
     \par
    l.15 ...mon Spavound; Enrique Martínez-García}}}{}
     \begin{description}
    ! Paragraph ended before \def was complete.
    <to be read again>
     \par
    l.15 ...mon Spavound; Enrique Martínez-García}}}{}
     \begin{description}
    ! Paragraph ended before \def was complete.
    <to be read again>
     \par
    l.15 ...mon Spavound; Enrique Martínez-García}}}{}
     \begin{description}
    ! Paragraph ended before \def was complete.
    <to be read again>
     \par
    l.15 ...mon Spavound; Enrique Martínez-García}}}{}
     \begin{description}
    ! Paragraph ended before \def was complete.
    <to be read again>
     \par
    l.15 ...mon Spavound; Enrique Martínez-García}}}{}
     \begin{description}
    ! Paragraph ended before \def was complete.
    <to be read again>
     \par
    l.15 ...mon Spavound; Enrique Martínez-García}}}{}
     \begin{description}
    ! Paragraph ended before \def was complete.
    <to be read again>
     \par
    l.15 ...mon Spavound; Enrique Martínez-García}}}{}
     \begin{description}
    ! Paragraph ended before \def was complete.
    <to be read again>
     \par
    l.15 ...mon Spavound; Enrique Martínez-García}}}{}
     \begin{description}
    ! Paragraph ended before \def was complete.
    <to be read again>
     \par
    l.15 ...mon Spavound; Enrique Martínez-García}}}{}
     \begin{description}
    ! Paragraph ended before \def was complete.
    <to be read again>
     \par
    l.15 ...mon Spavound; Enrique Martínez-García}}}{}
     \begin{description}
    ! Paragraph ended before \def was complete.
    <to be read again>
     \par
    l.15 ...mon Spavound; Enrique Martínez-García}}}{}
     \begin{description}
    ! Paragraph ended before \def was complete.
    <to be read again>
     \par
    l.15 ...mon Spavound; Enrique Martínez-García}}}{}
     \begin{description}
    ! Paragraph ended before \def was complete.
    <to be read again>
     \par
    l.15 ...mon Spavound; Enrique Martínez-García}}}{}
     \begin{description}
    ! Paragraph ended before \def was complete.
    <to be read again>
     \par
    l.15 ...mon Spavound; Enrique Martínez-García}}}{}
     \begin{description}
    ! Paragraph ended before \def was complete.
    <to be read again>
     \par
    l.15 ...mon Spavound; Enrique Martínez-García}}}{}
     \begin{description}
    ! Paragraph ended before \def was complete.
    <to be read again>
     \par
    l.15 ...mon Spavound; Enrique Martínez-García}}}{}
     \begin{description}
    ! Paragraph ended before \def was complete.
    <to be read again>
     \par
    l.15 ...mon Spavound; Enrique Martínez-García}}}{}
     \begin{description}
    ! Paragraph ended before \def was complete.
    <to be read again>
     \par
    l.15 ...mon Spavound; Enrique Martínez-García}}}{}
     \begin{description}
    ! Paragraph ended before \def was complete.
    <to be read again>
     \par
    l.15 ...mon Spavound; Enrique Martínez-García}}}{}
     \begin{description}
    ! Paragraph ended before \def was complete.
    <to be read again>
     \par
    l.15 ...mon Spavound; Enrique Martínez-García}}}{}
     \begin{description}
    ! Paragraph ended before \def was complete.
    <to be read again>
     \par
    l.15 ...mon Spavound; Enrique Martínez-García}}}{}
     \begin{description}
    ! Paragraph ended before \def was complete.
    <to be read again>
     \par
    l.15 ...mon Spavound; Enrique Martínez-García}}}{}
     \begin{description}
    ! Paragraph ended before \def was complete.
    <to be read again>
     \par
    l.15 ...mon Spavound; Enrique Martínez-García}}}{}
     \begin{description}
    ! Paragraph ended before \def was complete.
    <to be read again>
     \par
    l.15 ...mon Spavound; Enrique Martínez-García}}}{}
     \begin{description}
    ! Paragraph ended before \def was complete.
    <to be read again>
     \par
    l.15 ...mon Spavound; Enrique Martínez-García}}}{}
     \begin{description}
    ! Paragraph ended before \def was complete.
    <to be read again>
     \par
    l.15 ...mon Spavound; Enrique Martínez-García}}}{}
     \begin{description}
    ! Paragraph ended before \def was complete.
    <to be read again>
     \par
    l.15 ...mon Spavound; Enrique Martínez-García}}}{}
     \begin{description}
    ! Paragraph ended before \def was complete.
    <to be read again>
     \par
    l.15 ...mon Spavound; Enrique Martínez-García}}}{}
     \begin{description}
    ! Paragraph ended before \def was complete.
    <to be read again>
     \par
    l.15 ...mon Spavound; Enrique Martínez-García}}}{}
     \begin{description}
    ! Paragraph ended before \def was complete.
    <to be read again>
     \par
    l.15 ...mon Spavound; Enrique Martínez-García}}}{}
     \begin{description}
    ! Paragraph ended before \def was complete.
    <to be read again>
     \par
    l.15 ...mon Spavound; Enrique Martínez-García}}}{}
     \begin{description}
    ! Paragraph ended before \def was complete.
    <to be read again>
     \par
    l.15 ...mon Spavound; Enrique Martínez-García}}}{}
     \begin{description}
    ! Paragraph ended before \def was complete.
    <to be read again>
     \par
    l.15 ...mon Spavound; Enrique Martínez-García}}}{}
     \begin{description}
    ! Paragraph ended before \def was complete.
    <to be read again>
     \par
    l.15 ...mon Spavound; Enrique Martínez-García}}}{}
     \begin{description}
    ! Paragraph ended before \def was complete.
    <to be read again>
     \par
    l.15 ...mon Spavound; Enrique Martínez-García}}}{}
     \begin{description}
    ! Paragraph ended before \def was complete.
    <to be read again>
     \par
    l.15 ...mon Spavound; Enrique Martínez-García}}}{}
     \begin{description}
    ! Paragraph ended before \def was complete.
    <to be read again>
     \par
    l.15 ...mon Spavound; Enrique Martínez-García}}}{}
     \begin{description}
    ! Paragraph ended before \def was complete.
    <to be read again>
     \par
    l.15 ...mon Spavound; Enrique Martínez-García}}}{}
     \begin{description}
    ! Paragraph ended before \def was complete.
    <to be read again>
     \par
    l.15 ...mon Spavound; Enrique Martínez-García}}}{}
     \begin{description}
    ! ==> Fatal error occurred, no output PDF file produced!
Flavor: r-devel-windows-ix86+x86_64