CRAN Package Check Results for Package extWeibQuant

Last updated on 2021-12-07 23:54:28 CET.

Flavor Version Tinstall Tcheck Ttotal Status Flags
r-devel-linux-x86_64-debian-clang 1.1 3.85 30.64 34.49 NOTE
r-devel-linux-x86_64-debian-gcc 1.1 2.85 24.39 27.24 NOTE
r-devel-linux-x86_64-fedora-clang 1.1 43.39 NOTE
r-devel-linux-x86_64-fedora-gcc 1.1 32.65 NOTE
r-devel-windows-x86_64-new-UL 1.1 14.00 57.00 71.00 NOTE
r-devel-windows-x86_64-new-TK 1.1 NOTE
r-devel-windows-x86_64-old 1.1 9.00 39.00 48.00 NOTE
r-patched-linux-x86_64 1.1 3.53 29.73 33.26 NOTE
r-release-linux-x86_64 1.1 3.40 29.72 33.12 NOTE
r-release-macos-arm64 1.1 NOTE
r-release-macos-x86_64 1.1 NOTE
r-release-windows-ix86+x86_64 1.1 12.00 37.00 49.00 NOTE
r-oldrel-macos-x86_64 1.1 NOTE
r-oldrel-windows-ix86+x86_64 1.1 11.00 34.00 45.00 NOTE

Check Details

Version: 1.1
Check: R code for possible problems
Result: NOTE
    bootstrapCMLE: no visible global function definition for 'qweibull'
    bootstrapCMLE: no visible binding for global variable 'sd'
    bootstrapCMLE: no visible global function definition for 'quantile'
    bootstrapCenWbMix: no visible binding for global variable 'sd'
    bootstrapCenWbMix: no visible global function definition for 'quantile'
    cenWeibullMLE: no visible global function definition for 'sd'
    expmx.p2.censor: no visible global function definition for 'dweibull'
    expmx.p2.censor: no visible global function definition for 'pweibull'
    genWbMixIni: no visible global function definition for 'runif'
    log.llh.p2.censor: no visible global function definition for 'dweibull'
    log.llh.p2.censor: no visible global function definition for 'pweibull'
    quanWbMix : t.fun: no visible global function definition for 'pweibull'
    quanWbMix: no visible global function definition for 'uniroot'
    quanWbMix.int : t.fun: no visible global function definition for
     'pweibull'
    quanWbMix.int: no visible global function definition for 'uniroot'
    simWbMix: no visible global function definition for 'rbinom'
    simWbMix: no visible global function definition for 'rweibull'
    Undefined global functions or variables:
     dweibull pweibull quantile qweibull rbinom runif rweibull sd uniroot
    Consider adding
     importFrom("stats", "dweibull", "pweibull", "quantile", "qweibull",
     "rbinom", "runif", "rweibull", "sd", "uniroot")
    to your NAMESPACE file.
Flavors: r-devel-linux-x86_64-debian-clang, r-devel-linux-x86_64-debian-gcc, r-devel-linux-x86_64-fedora-clang, r-devel-linux-x86_64-fedora-gcc, r-devel-windows-x86_64-new-UL, r-devel-windows-x86_64-new-TK, r-devel-windows-x86_64-old, r-patched-linux-x86_64, r-release-linux-x86_64, r-release-macos-arm64, r-release-macos-x86_64, r-release-windows-ix86+x86_64, r-oldrel-macos-x86_64, r-oldrel-windows-ix86+x86_64

Version: 1.1
Check: compiled code
Result: NOTE
    File ‘extWeibQuant/libs/extWeibQuant.so’:
     Found no calls to: ‘R_registerRoutines’, ‘R_useDynamicSymbols’
    
    It is good practice to register native routines and to disable symbol
    search.
    
    See ‘Writing portable packages’ in the ‘Writing R Extensions’ manual.
Flavors: r-devel-linux-x86_64-fedora-clang, r-devel-linux-x86_64-fedora-gcc