Last updated on 2023-03-31 17:49:24 CEST.
Flavor | Version | Tinstall | Tcheck | Ttotal | Status | Flags |
---|---|---|---|---|---|---|
r-devel-linux-x86_64-debian-clang | 2.5.5 | 23.77 | 124.26 | 148.03 | NOTE | |
r-devel-linux-x86_64-debian-gcc | 2.5.5 | 21.27 | 94.08 | 115.35 | NOTE | |
r-devel-linux-x86_64-fedora-clang | 2.5.5 | 187.76 | OK | |||
r-devel-linux-x86_64-fedora-gcc | 2.5.5 | 174.89 | OK | |||
r-devel-windows-x86_64 | 2.5.5 | 76.00 | 0.00 | 76.00 | NOTE | |
r-patched-linux-x86_64 | 2.5.5 | 24.29 | 116.28 | 140.57 | NOTE | |
r-release-linux-x86_64 | 2.5.5 | 22.78 | 115.48 | 138.26 | NOTE | |
r-release-macos-arm64 | 2.5.5 | 53.00 | NOTE | |||
r-release-macos-x86_64 | 2.5.5 | 72.00 | NOTE | |||
r-release-windows-x86_64 | 2.5.5 | 71.00 | 168.00 | 239.00 | NOTE | |
r-oldrel-macos-arm64 | 2.5.5 | 52.00 | NOTE | |||
r-oldrel-macos-x86_64 | 2.5.5 | 75.00 | NOTE | |||
r-oldrel-windows-ix86+x86_64 | 2.5.5 | 53.00 | 179.00 | 232.00 | OK |
Version: 2.5.5
Check: package dependencies
Result: NOTE
Package suggested but not available for checking: ‘INLA’
Flavors: r-devel-linux-x86_64-debian-clang, r-devel-linux-x86_64-debian-gcc, r-devel-windows-x86_64, r-patched-linux-x86_64, r-release-linux-x86_64, r-release-macos-arm64, r-release-macos-x86_64, r-release-windows-x86_64, r-oldrel-macos-arm64, r-oldrel-macos-x86_64