CRAN Package Check Results for Package excelR

Last updated on 2022-01-29 00:48:39 CET.

Flavor Version Tinstall Tcheck Ttotal Status Flags
r-devel-linux-x86_64-debian-clang 0.4.0 3.21 44.20 47.41 NOTE
r-devel-linux-x86_64-debian-gcc 0.4.0 2.36 34.49 36.85 NOTE
r-devel-linux-x86_64-fedora-clang 0.4.0 50.09 NOTE
r-devel-linux-x86_64-fedora-gcc 0.4.0 39.79 NOTE
r-devel-windows-x86_64-new-UL 0.4.0 121.00 67.00 188.00 NOTE
r-devel-windows-x86_64-new-TK 0.4.0 NOTE
r-patched-linux-x86_64 0.4.0 2.74 37.05 39.79 NOTE
r-release-linux-x86_64 0.4.0 1.88 36.60 38.48 NOTE
r-release-macos-arm64 0.4.0 NOTE
r-release-macos-x86_64 0.4.0 NOTE
r-release-windows-ix86+x86_64 0.4.0 6.00 49.00 55.00 NOTE
r-oldrel-macos-x86_64 0.4.0 OK
r-oldrel-windows-ix86+x86_64 0.4.0 6.00 49.00 55.00 OK

Check Details

Version: 0.4.0
Check: LazyData
Result: NOTE
     'LazyData' is specified without a 'data' directory
Flavors: r-devel-linux-x86_64-debian-clang, r-devel-linux-x86_64-debian-gcc, r-devel-linux-x86_64-fedora-clang, r-devel-linux-x86_64-fedora-gcc, r-devel-windows-x86_64-new-UL, r-devel-windows-x86_64-new-TK, r-patched-linux-x86_64, r-release-linux-x86_64, r-release-macos-arm64, r-release-macos-x86_64, r-release-windows-ix86+x86_64