CRAN Package Check Results for Package exactextractr

Last updated on 2022-07-06 17:49:04 CEST.

Flavor Version Tinstall Tcheck Ttotal Status Flags
r-devel-linux-x86_64-debian-clang 0.8.2 103.68 389.20 492.88 OK
r-devel-linux-x86_64-debian-gcc 0.8.2 82.08 288.22 370.30 OK
r-devel-linux-x86_64-fedora-clang 0.8.2 611.29 OK
r-devel-linux-x86_64-fedora-gcc 0.8.2 597.41 OK
r-devel-windows-x86_64 0.8.2 201.00 442.00 643.00 OK
r-patched-linux-x86_64 0.8.2 86.21 374.21 460.42 OK
r-release-linux-x86_64 0.8.2 87.75 372.03 459.78 OK
r-release-macos-arm64 0.8.2 176.00 ERROR
r-release-macos-x86_64 0.8.2 195.00 ERROR
r-release-windows-x86_64 0.8.2 145.00 458.00 603.00 OK
r-oldrel-macos-arm64 0.8.2 126.00 NOTE
r-oldrel-macos-x86_64 0.8.2 191.00 NOTE
r-oldrel-windows-ix86+x86_64 0.8.2 248.00 635.00 883.00 NOTE

Check Details

Version: 0.8.2
Check: installed package size
Result: NOTE
     installed size is 7.2Mb
     sub-directories of 1Mb or more:
     libs 6.3Mb
Flavors: r-release-macos-arm64, r-release-macos-x86_64, r-oldrel-macos-arm64, r-oldrel-macos-x86_64, r-oldrel-windows-ix86+x86_64

Version: 0.8.2
Check: tests
Result: ERROR
     Running ‘testthat.R’ [20s/23s]
    Running the tests in ‘tests/testthat.R’ failed.
    Last 13 lines of output:
     ── Error (test_helper_blocksize.R:34:3): blockSize reports block size in row-col order ──
     Error: [writeRaster] invalid driver
     Backtrace:
     ▆
     1. ├─base::suppressWarnings(...) at test_helper_blocksize.R:34:2
     2. │ └─base::withCallingHandlers(...)
     3. ├─terra::writeRaster(...) at test_helper_blocksize.R:35:4
     4. └─terra::writeRaster(...)
     5. └─terra (local) .local(x, filename, ...)
     6. └─terra:::messages(x, "writeRaster")
     7. └─terra:::error(f, x@ptr$getError())
    
     [ FAIL 1 | WARN 0 | SKIP 0 | PASS 437 ]
     Error: Test failures
     Execution halted
Flavor: r-release-macos-arm64

Version: 0.8.2
Check: tests
Result: ERROR
     Running ‘testthat.R’ [28s/28s]
    Running the tests in ‘tests/testthat.R’ failed.
    Last 13 lines of output:
     ── Error (test_helper_blocksize.R:34:3): blockSize reports block size in row-col order ──
     Error: [writeRaster] invalid driver
     Backtrace:
     ▆
     1. ├─base::suppressWarnings(...) at test_helper_blocksize.R:34:2
     2. │ └─base::withCallingHandlers(...)
     3. ├─terra::writeRaster(...) at test_helper_blocksize.R:35:4
     4. └─terra::writeRaster(...)
     5. └─terra (local) .local(x, filename, ...)
     6. └─terra:::messages(x, "writeRaster")
     7. └─terra:::error(f, x@ptr$getError())
    
     [ FAIL 1 | WARN 0 | SKIP 0 | PASS 437 ]
     Error: Test failures
     Execution halted
Flavor: r-release-macos-x86_64