CRAN Package Check Results for Package evoper

Last updated on 2021-10-22 16:50:34 CEST.

Flavor Version Tinstall Tcheck Ttotal Status Flags
r-devel-linux-x86_64-debian-clang 0.5.0 12.93 81.42 94.35 NOTE
r-devel-linux-x86_64-debian-gcc 0.5.0 9.42 61.68 71.10 NOTE
r-devel-linux-x86_64-fedora-clang 0.5.0 132.44 NOTE
r-devel-linux-x86_64-fedora-gcc 0.5.0 120.03 NOTE
r-devel-windows-x86_64 0.5.0 22.00 102.00 124.00 NOTE
r-devel-windows-x86_64-gcc10-UCRT 0.5.0 ERROR
r-patched-linux-x86_64 0.5.0 13.67 77.55 91.22 NOTE
r-patched-solaris-x86 0.5.0 150.90 NOTE
r-release-linux-x86_64 0.5.0 9.93 77.22 87.15 NOTE
r-release-macos-arm64 0.5.0 NOTE
r-release-macos-x86_64 0.5.0 NOTE
r-release-windows-ix86+x86_64 0.5.0 22.00 99.00 121.00 NOTE
r-oldrel-macos-x86_64 0.5.0 OK
r-oldrel-windows-ix86+x86_64 0.5.0 27.00 104.00 131.00 OK

Check Details

Version: 0.5.0
Check: LazyData
Result: NOTE
     'LazyData' is specified without a 'data' directory
Flavors: r-devel-linux-x86_64-debian-clang, r-devel-linux-x86_64-debian-gcc, r-devel-linux-x86_64-fedora-clang, r-devel-linux-x86_64-fedora-gcc, r-devel-windows-x86_64, r-patched-linux-x86_64, r-patched-solaris-x86, r-release-linux-x86_64, r-release-macos-arm64, r-release-macos-x86_64, r-release-windows-ix86+x86_64

Version: 0.5.0
Check: package dependencies
Result: ERROR
    Package required but not available: 'RNetLogo'
    
    See section 'The DESCRIPTION file' in the 'Writing R Extensions'
    manual.
Flavor: r-devel-windows-x86_64-gcc10-UCRT