CRAN Package Check Results for Package evobiR

Last updated on 2021-11-29 23:50:37 CET.

Flavor Version Tinstall Tcheck Ttotal Status Flags
r-devel-linux-x86_64-debian-clang 1.1 11.05 93.72 104.77 NOTE
r-devel-linux-x86_64-debian-gcc 1.1 9.67 73.66 83.33 NOTE
r-devel-linux-x86_64-fedora-clang 1.1 139.23 NOTE
r-devel-linux-x86_64-fedora-gcc 1.1 125.95 NOTE
r-devel-windows-x86_64-new-UL 1.1 21.00 137.00 158.00 OK
r-devel-windows-x86_64-new-TK 1.1 OK
r-devel-windows-x86_64-old 1.1 17.00 93.00 110.00 OK
r-patched-linux-x86_64 1.1 10.35 91.09 101.44 NOTE
r-patched-solaris-x86 1.1 189.50 NOTE
r-release-linux-x86_64 1.1 10.76 91.02 101.78 NOTE
r-release-macos-arm64 1.1 OK
r-release-macos-x86_64 1.1 OK
r-release-windows-ix86+x86_64 1.1 26.00 84.00 110.00 OK
r-oldrel-macos-x86_64 1.1 OK
r-oldrel-windows-ix86+x86_64 1.1 21.00 107.00 128.00 OK

Check Details

Version: 1.1
Check: for non-standard things in the check directory
Result: NOTE
    Found the following files/directories:
     'sample .nwk'
Flavors: r-devel-linux-x86_64-debian-clang, r-devel-linux-x86_64-debian-gcc, r-devel-linux-x86_64-fedora-clang, r-devel-linux-x86_64-fedora-gcc, r-patched-linux-x86_64, r-patched-solaris-x86, r-release-linux-x86_64