CRAN Package Check Results for Package evgam

Last updated on 2022-01-26 00:49:50 CET.

Flavor Version Tinstall Tcheck Ttotal Status Flags
r-devel-linux-x86_64-debian-clang 0.1.4 217.85 71.13 288.98 OK
r-devel-linux-x86_64-debian-gcc 0.1.4 166.13 54.57 220.70 OK
r-devel-linux-x86_64-fedora-clang 0.1.4 418.62 NOTE
r-devel-linux-x86_64-fedora-gcc 0.1.4 374.96 OK
r-devel-windows-x86_64-new-UL 0.1.4 189.00 120.00 309.00 OK
r-devel-windows-x86_64-new-TK 0.1.4 OK
r-patched-linux-x86_64 0.1.4 182.90 66.28 249.18 OK
r-release-linux-x86_64 0.1.4 193.78 66.92 260.70 OK
r-release-macos-arm64 0.1.4 NOTE
r-release-macos-x86_64 0.1.4 NOTE
r-release-windows-ix86+x86_64 0.1.4 515.00 117.00 632.00 OK
r-oldrel-macos-x86_64 0.1.4 NOTE
r-oldrel-windows-ix86+x86_64 0.1.4 515.00 117.00 632.00 OK

Check Details

Version: 0.1.4
Check: installed package size
Result: NOTE
     installed size is 6.4Mb
     sub-directories of 1Mb or more:
     libs 5.5Mb
Flavors: r-devel-linux-x86_64-fedora-clang, r-release-macos-arm64, r-release-macos-x86_64, r-oldrel-macos-x86_64