CRAN Package Check Results for Package etrader

Last updated on 2021-10-24 16:54:01 CEST.

Flavor Version Tinstall Tcheck Ttotal Status Flags
r-devel-linux-x86_64-debian-clang 0.1.3 2.19 24.40 26.59 NOTE
r-devel-linux-x86_64-debian-gcc 0.1.3 2.12 19.06 21.18 NOTE
r-devel-linux-x86_64-fedora-clang 0.1.3 42.72 NOTE
r-devel-linux-x86_64-fedora-gcc 0.1.3 32.27 NOTE
r-devel-windows-x86_64 0.1.3 6.00 41.00 47.00 NOTE
r-devel-windows-x86_64-gcc10-UCRT 0.1.3 NOTE
r-patched-linux-x86_64 0.1.3 3.42 23.49 26.91 NOTE
r-patched-solaris-x86 0.1.3 50.40 NOTE
r-release-linux-x86_64 0.1.3 2.69 23.59 26.28 NOTE
r-release-macos-arm64 0.1.3 NOTE
r-release-macos-x86_64 0.1.3 NOTE
r-release-windows-ix86+x86_64 0.1.3 5.00 35.00 40.00 NOTE
r-oldrel-macos-x86_64 0.1.3 OK
r-oldrel-windows-ix86+x86_64 0.1.3 6.00 42.00 48.00 OK

Check Details

Version: 0.1.3
Check: LazyData
Result: NOTE
     'LazyData' is specified without a 'data' directory
Flavors: r-devel-linux-x86_64-debian-clang, r-devel-linux-x86_64-debian-gcc, r-devel-linux-x86_64-fedora-clang, r-devel-linux-x86_64-fedora-gcc, r-devel-windows-x86_64, r-devel-windows-x86_64-gcc10-UCRT, r-patched-linux-x86_64, r-patched-solaris-x86, r-release-linux-x86_64, r-release-macos-arm64, r-release-macos-x86_64, r-release-windows-ix86+x86_64