CRAN Package Check Results for Package ether

Last updated on 2022-07-04 05:50:05 CEST.

Flavor Version Tinstall Tcheck Ttotal Status Flags
r-devel-linux-x86_64-debian-clang 0.1.6 7.43 73.29 80.72 NOTE
r-devel-linux-x86_64-debian-gcc 0.1.6 6.14 54.43 60.57 NOTE
r-devel-linux-x86_64-fedora-clang 0.1.6 102.70 NOTE
r-devel-linux-x86_64-fedora-gcc 0.1.6 109.76 NOTE
r-devel-windows-x86_64 0.1.6 18.00 101.00 119.00 NOTE
r-patched-linux-x86_64 0.1.6 8.89 68.36 77.25 NOTE
r-release-linux-x86_64 0.1.6 5.64 68.33 73.97 NOTE
r-release-macos-arm64 0.1.6 29.00 NOTE
r-release-macos-x86_64 0.1.6 53.00 NOTE
r-release-windows-x86_64 0.1.6 28.00 101.00 129.00 NOTE
r-oldrel-macos-arm64 0.1.6 32.00 NOTE
r-oldrel-macos-x86_64 0.1.6 47.00 NOTE
r-oldrel-windows-ix86+x86_64 0.1.6 18.00 86.00 104.00 NOTE

Check Details

Version: 0.1.6
Check: LazyData
Result: NOTE
     'LazyData' is specified without a 'data' directory
Flavors: r-devel-linux-x86_64-debian-clang, r-devel-linux-x86_64-debian-gcc, r-devel-linux-x86_64-fedora-clang, r-devel-linux-x86_64-fedora-gcc, r-devel-windows-x86_64, r-patched-linux-x86_64, r-release-linux-x86_64, r-release-macos-arm64, r-release-macos-x86_64, r-release-windows-x86_64, r-oldrel-macos-arm64, r-oldrel-macos-x86_64, r-oldrel-windows-ix86+x86_64