CRAN Package Check Results for Package esreg

Last updated on 2022-01-25 12:55:32 CET.

Flavor Version Tinstall Tcheck Ttotal Status Flags
r-devel-linux-x86_64-debian-clang 0.5.0 60.40 53.12 113.52 NOTE
r-devel-linux-x86_64-debian-gcc 0.5.0 45.09 40.38 85.47 NOTE
r-devel-linux-x86_64-fedora-clang 0.5.0 156.70 NOTE
r-devel-linux-x86_64-fedora-gcc 0.5.0 135.01 NOTE
r-devel-windows-x86_64-new-UL 0.5.0 75.00 92.00 167.00 NOTE
r-devel-windows-x86_64-new-TK 0.5.0 NOTE
r-patched-linux-x86_64 0.5.0 56.74 48.50 105.24 NOTE
r-release-linux-x86_64 0.5.0 43.83 48.38 92.21 NOTE
r-release-macos-arm64 0.5.0 NOTE
r-release-macos-x86_64 0.5.0 NOTE
r-release-windows-ix86+x86_64 0.5.0 149.00 98.00 247.00 NOTE
r-oldrel-macos-x86_64 0.5.0 OK
r-oldrel-windows-ix86+x86_64 0.5.0 150.00 102.00 252.00 OK

Check Details

Version: 0.5.0
Check: LazyData
Result: NOTE
     'LazyData' is specified without a 'data' directory
Flavors: r-devel-linux-x86_64-debian-clang, r-devel-linux-x86_64-debian-gcc, r-devel-linux-x86_64-fedora-clang, r-devel-linux-x86_64-fedora-gcc, r-devel-windows-x86_64-new-UL, r-devel-windows-x86_64-new-TK, r-patched-linux-x86_64, r-release-linux-x86_64, r-release-macos-arm64, r-release-macos-x86_64, r-release-windows-ix86+x86_64