CRAN Package Check Results for Package esmisc

Last updated on 2023-02-04 04:53:48 CET.

Flavor Version Tinstall Tcheck Ttotal Status Flags
r-devel-linux-x86_64-debian-clang 0.0.3 34.03 298.96 332.99 NOTE
r-devel-linux-x86_64-debian-gcc 0.0.3 21.71 217.95 239.66 NOTE
r-devel-linux-x86_64-fedora-clang 0.0.3 397.54 NOTE
r-devel-linux-x86_64-fedora-gcc 0.0.3 409.08 NOTE
r-devel-windows-x86_64 0.0.3 28.00 279.00 307.00 NOTE
r-patched-linux-x86_64 0.0.3 30.96 282.61 313.57 NOTE
r-release-linux-x86_64 0.0.3 25.86 291.16 317.02 NOTE
r-release-macos-arm64 0.0.3 78.00 NOTE
r-release-macos-x86_64 0.0.3 161.00 NOTE
r-release-windows-x86_64 0.0.3 32.00 309.00 341.00 NOTE
r-oldrel-macos-arm64 0.0.3 51.00 NOTE
r-oldrel-macos-x86_64 0.0.3 68.00 NOTE
r-oldrel-windows-ix86+x86_64 0.0.3 67.00 285.00 352.00 NOTE

Check Details

Version: 0.0.3
Check: LazyData
Result: NOTE
     'LazyData' is specified without a 'data' directory
Flavors: r-devel-linux-x86_64-debian-clang, r-devel-linux-x86_64-debian-gcc, r-devel-linux-x86_64-fedora-clang, r-devel-linux-x86_64-fedora-gcc, r-devel-windows-x86_64, r-patched-linux-x86_64, r-release-linux-x86_64, r-release-macos-arm64, r-release-macos-x86_64, r-release-windows-x86_64, r-oldrel-macos-arm64, r-oldrel-macos-x86_64, r-oldrel-windows-ix86+x86_64