CRAN Package Check Results for Package errum

Last updated on 2024-06-16 17:58:01 CEST.

Flavor Version Tinstall Tcheck Ttotal Status Flags
r-devel-linux-x86_64-debian-clang 0.0.3 32.33 32.95 65.28 NOTE
r-devel-linux-x86_64-debian-gcc 0.0.3 28.71 24.25 52.96 NOTE
r-devel-linux-x86_64-fedora-clang 0.0.3 99.14 NOTE
r-devel-linux-x86_64-fedora-gcc 0.0.3 104.58 NOTE
r-devel-windows-x86_64 0.0.3 32.00 64.00 96.00 NOTE
r-patched-linux-x86_64 0.0.3 31.86 30.24 62.10 NOTE
r-release-linux-x86_64 0.0.3 31.97 31.29 63.26 NOTE
r-release-macos-arm64 0.0.3 28.00 NOTE
r-release-macos-x86_64 0.0.3 36.00 NOTE
r-release-windows-x86_64 0.0.3 31.00 70.00 101.00 NOTE
r-oldrel-macos-arm64 0.0.3 29.00 NOTE
r-oldrel-macos-x86_64 0.0.3 47.00 NOTE
r-oldrel-windows-x86_64 0.0.3 38.00 78.00 116.00 NOTE

Check Details

Version: 0.0.3
Check: C++ specification
Result: NOTE Specified C++11: please drop specification unless essential Flavors: r-devel-linux-x86_64-debian-clang, r-devel-linux-x86_64-debian-gcc, r-devel-linux-x86_64-fedora-clang, r-devel-linux-x86_64-fedora-gcc, r-devel-windows-x86_64, r-patched-linux-x86_64, r-release-linux-x86_64, r-release-macos-arm64, r-release-macos-x86_64, r-release-windows-x86_64, r-oldrel-macos-arm64, r-oldrel-macos-x86_64, r-oldrel-windows-x86_64

Version: 0.0.3
Check: LazyData
Result: NOTE 'LazyData' is specified without a 'data' directory Flavors: r-devel-linux-x86_64-debian-clang, r-devel-linux-x86_64-debian-gcc, r-devel-linux-x86_64-fedora-clang, r-devel-linux-x86_64-fedora-gcc, r-devel-windows-x86_64, r-patched-linux-x86_64, r-release-linux-x86_64, r-release-macos-arm64, r-release-macos-x86_64, r-release-windows-x86_64, r-oldrel-macos-arm64, r-oldrel-macos-x86_64, r-oldrel-windows-x86_64