CRAN Package Check Results for Package equatags

Last updated on 2022-08-19 21:50:55 CEST.

Flavor Version Tinstall Tcheck Ttotal Status Flags
r-devel-linux-x86_64-debian-clang 0.2.0 3.38 34.17 37.55 OK
r-devel-linux-x86_64-debian-gcc 0.2.0 2.86 26.86 29.72 OK
r-devel-linux-x86_64-fedora-clang 0.2.0 57.36 OK
r-devel-linux-x86_64-fedora-gcc 0.2.0 55.42 OK
r-devel-windows-x86_64 0.2.0 10.00 57.00 67.00 OK
r-patched-linux-x86_64 0.2.0 3.46 33.83 37.29 OK
r-release-linux-x86_64 0.2.0 OK
r-release-macos-arm64 0.2.0 19.00 OK
r-release-macos-x86_64 0.2.0 6.00 ERROR
r-release-windows-x86_64 0.2.0 9.00 63.00 72.00 OK
r-oldrel-macos-arm64 0.2.0 18.00 OK
r-oldrel-macos-x86_64 0.2.0 26.00 OK
r-oldrel-windows-ix86+x86_64 0.2.0 11.00 71.00 82.00 OK

Check Details

Version: 0.2.0
Check: package dependencies
Result: ERROR
    Package required but not available: ‘katex’
    
    See section ‘The DESCRIPTION file’ in the ‘Writing R Extensions’
    manual.
Flavor: r-release-macos-x86_64