CRAN Package Check Results for Package equaltestMI

Last updated on 2023-03-30 05:49:08 CEST.

Flavor Version Tinstall Tcheck Ttotal Status Flags
r-devel-linux-x86_64-debian-clang 0.6.1 3.93 49.28 53.21 OK
r-devel-linux-x86_64-debian-gcc 0.6.1 3.75 37.22 40.97 OK
r-devel-linux-x86_64-fedora-clang 0.6.1 67.01 NOTE
r-devel-linux-x86_64-fedora-gcc 0.6.1 74.54 OK
r-devel-windows-x86_64 0.6.1 24.00 92.00 116.00 OK
r-patched-linux-x86_64 0.6.1 4.18 46.45 50.63 OK
r-release-linux-x86_64 0.6.1 3.06 50.41 53.47 OK
r-release-macos-arm64 0.6.1 26.00 OK
r-release-macos-x86_64 0.6.1 35.00 OK
r-release-windows-x86_64 0.6.1 25.00 94.00 119.00 OK
r-oldrel-macos-arm64 0.6.1 29.00 OK
r-oldrel-macos-x86_64 0.6.1 46.00 OK
r-oldrel-windows-ix86+x86_64 0.6.1 10.00 81.00 91.00 OK

Check Details

Version: 0.6.1
Check: Rd cross-references
Result: NOTE
    Undeclared package ‘OpenMx’ in Rd xrefs
Flavor: r-devel-linux-x86_64-fedora-clang