CRAN Package Check Results for Package episplineDensity

Last updated on 2021-06-17 21:52:41 CEST.

Flavor Version Tinstall Tcheck Ttotal Status Flags
r-devel-linux-x86_64-debian-clang 0.0-1 4.58 30.17 34.75 NOTE
r-devel-linux-x86_64-debian-gcc 0.0-1 2.83 23.56 26.39 NOTE
r-devel-linux-x86_64-fedora-clang 0.0-1 50.46 NOTE
r-devel-linux-x86_64-fedora-gcc 0.0-1 39.92 NOTE
r-devel-windows-x86_64 0.0-1 6.00 44.00 50.00 NOTE
r-devel-windows-x86_64-gcc10-UCRT 0.0-1 NOTE
r-patched-linux-x86_64 0.0-1 4.45 29.62 34.07 NOTE
r-patched-solaris-x86 0.0-1 59.90 NOTE
r-release-linux-x86_64 0.0-1 3.33 29.33 32.66 NOTE
r-release-macos-arm64 0.0-1 NOTE
r-release-macos-x86_64 0.0-1 NOTE
r-release-windows-ix86+x86_64 0.0-1 7.00 46.00 53.00 NOTE
r-oldrel-macos-x86_64 0.0-1 NOTE
r-oldrel-windows-ix86+x86_64 0.0-1 6.00 46.00 52.00 NOTE

Check Details

Version: 0.0-1
Check: R code for possible problems
Result: NOTE
    plot.episplineDensity: no visible global function definition for
     'points'
    postproc: no visible global function definition for 'points'
    preprocess.data: no visible global function definition for 'sd'
    Undefined global functions or variables:
     points sd
    Consider adding
     importFrom("graphics", "points")
     importFrom("stats", "sd")
    to your NAMESPACE file.
Flavors: r-devel-linux-x86_64-debian-clang, r-devel-linux-x86_64-debian-gcc, r-devel-linux-x86_64-fedora-clang, r-devel-linux-x86_64-fedora-gcc, r-devel-windows-x86_64, r-devel-windows-x86_64-gcc10-UCRT, r-patched-linux-x86_64, r-patched-solaris-x86, r-release-linux-x86_64, r-release-macos-arm64, r-release-macos-x86_64, r-release-windows-ix86+x86_64, r-oldrel-macos-x86_64, r-oldrel-windows-ix86+x86_64