CRAN Package Check Results for Package enviGCMS

Last updated on 2021-09-20 04:58:08 CEST.

Flavor Version Tinstall Tcheck Ttotal Status Flags
r-devel-linux-x86_64-debian-clang 0.6.6 6.60 74.91 81.51 OK
r-devel-linux-x86_64-debian-gcc 0.6.6 6.00 56.26 62.26 OK
r-devel-linux-x86_64-fedora-clang 0.6.6 105.96 OK
r-devel-linux-x86_64-fedora-gcc 0.6.6 96.31 OK
r-devel-windows-x86_64 0.6.6 9.00 88.00 97.00 OK
r-devel-windows-x86_64-gcc10-UCRT 0.6.6 ERROR
r-patched-linux-x86_64 0.6.6 8.34 73.95 82.29 OK
r-release-linux-x86_64 0.6.6 5.66 72.88 78.54 OK
r-release-macos-arm64 0.6.6 OK
r-release-macos-x86_64 0.6.6 ERROR
r-release-windows-ix86+x86_64 0.6.6 12.00 88.00 100.00 OK
r-oldrel-macos-x86_64 0.6.6 ERROR
r-oldrel-windows-ix86+x86_64 0.6.6 15.00 117.00 132.00 OK

Check Details

Version: 0.6.6
Check: whether package can be installed
Result: WARN
    Found the following significant warnings:
     WARNING: installation-time patches will not be applied, could not get the patches index
Flavor: r-devel-windows-x86_64-gcc10-UCRT

Version: 0.6.6
Check: PDF version of manual
Result: WARN
    LaTeX errors when creating PDF version.
    This typically indicates Rd problems.
Flavor: r-devel-windows-x86_64-gcc10-UCRT

Version: 0.6.6
Check: PDF version of manual without hyperrefs or index
Result: ERROR
    Re-running with no redirection of stdout/stderr.
Flavor: r-devel-windows-x86_64-gcc10-UCRT

Version: 0.6.6
Check: package dependencies
Result: ERROR
    Package required but not available: ‘Rdisop’
    
    See section ‘The DESCRIPTION file’ in the ‘Writing R Extensions’
    manual.
Flavors: r-release-macos-x86_64, r-oldrel-macos-x86_64