CRAN Package Check Results for Package enrichwith

Last updated on 2021-08-03 07:54:21 CEST.

Flavor Version Tinstall Tcheck Ttotal Status Flags
r-devel-linux-x86_64-debian-clang 0.3.1 4.17 68.74 72.91 OK
r-devel-linux-x86_64-debian-gcc 0.3.1 3.98 50.66 54.64 OK
r-devel-linux-x86_64-fedora-clang 0.3.1 95.77 OK
r-devel-linux-x86_64-fedora-gcc 0.3.1 86.95 OK
r-devel-windows-x86_64 0.3.1 6.00 87.00 93.00 OK
r-devel-windows-x86_64-gcc10-UCRT 0.3.1 OK
r-patched-linux-x86_64 0.3.1 4.93 65.02 69.95 OK
r-patched-solaris-x86 0.3.1 116.00 OK
r-release-linux-x86_64 0.3.1 4.55 65.35 69.90 OK
r-release-macos-arm64 0.3.1 WARN
r-release-macos-x86_64 0.3.1 OK
r-release-windows-ix86+x86_64 0.3.1 9.00 83.00 92.00 OK
r-oldrel-macos-x86_64 0.3.1 OK
r-oldrel-windows-ix86+x86_64 0.3.1 9.00 84.00 93.00 OK

Check Details

Version: 0.3.1
Check: re-building of vignette outputs
Result: WARN
    Error(s) in re-building vignettes:
     ...
    --- re-building ‘GLMs.Rmd’ using rmarkdown
    Warning in engine$weave(file, quiet = quiet, encoding = enc) :
     Pandoc (>= 1.12.3) not available. Falling back to R Markdown v1.
    Quitting from lines 50-69 (GLMs.Rmd)
    Error: processing vignette 'GLMs.Rmd' failed with diagnostics:
    polygon edge not found
    --- failed re-building ‘GLMs.Rmd’
    
    --- re-building ‘bias.Rmd’ using rmarkdown
    Warning in engine$weave(file, quiet = quiet, encoding = enc) :
     Pandoc (>= 1.12.3) not available. Falling back to R Markdown v1.
    --- finished re-building ‘bias.Rmd’
    
    --- re-building ‘exponential_family.Rmd’ using rmarkdown
    Warning in engine$weave(file, quiet = quiet, encoding = enc) :
     Pandoc (>= 1.12.3) not available. Falling back to R Markdown v1.
    --- finished re-building ‘exponential_family.Rmd’
    
    SUMMARY: processing the following file failed:
     ‘GLMs.Rmd’
    
    Error: Vignette re-building failed.
    Execution halted
Flavor: r-release-macos-arm64