CRAN Package Check Results for Package emojifont

Last updated on 2021-07-24 19:50:16 CEST.

Flavor Version Tinstall Tcheck Ttotal Status Flags
r-devel-linux-x86_64-debian-clang 0.5.5 5.47 53.42 58.89 OK
r-devel-linux-x86_64-debian-gcc 0.5.5 4.35 40.38 44.73 OK
r-devel-linux-x86_64-fedora-clang 0.5.5 78.37 NOTE
r-devel-linux-x86_64-fedora-gcc 0.5.5 66.27 OK
r-devel-windows-x86_64 0.5.5 8.00 55.00 63.00 NOTE
r-devel-windows-x86_64-gcc10-UCRT 0.5.5 OK
r-patched-linux-x86_64 0.5.5 4.98 49.05 54.03 OK
r-patched-solaris-x86 0.5.5 97.40 NOTE
r-release-linux-x86_64 0.5.5 5.45 49.40 54.85 OK
r-release-macos-arm64 0.5.5 ERROR
r-release-macos-x86_64 0.5.5 NOTE
r-release-windows-ix86+x86_64 0.5.5 14.00 52.00 66.00 NOTE
r-oldrel-macos-x86_64 0.5.5 NOTE
r-oldrel-windows-ix86+x86_64 0.5.5 15.00 70.00 85.00 NOTE

Check Details

Version: 0.5.5
Check: installed package size
Result: NOTE
     installed size is 7.0Mb
     sub-directories of 1Mb or more:
     emoji_fonts 6.5Mb
Flavors: r-devel-linux-x86_64-fedora-clang, r-devel-windows-x86_64, r-patched-solaris-x86, r-release-macos-x86_64, r-release-windows-ix86+x86_64, r-oldrel-macos-x86_64, r-oldrel-windows-ix86+x86_64

Version: 0.5.5
Check: package dependencies
Result: ERROR
    Packages required but not available: 'showtext', 'sysfonts'
    
    See section ‘The DESCRIPTION file’ in the ‘Writing R Extensions’
    manual.
Flavor: r-release-macos-arm64