CRAN Package Check Results for Package emmeans

Last updated on 2024-07-19 06:50:13 CEST.

Flavor Version Tinstall Tcheck Ttotal Status Flags
r-devel-linux-x86_64-debian-clang 1.10.3 16.74 342.36 359.10 OK
r-devel-linux-x86_64-debian-gcc 1.10.3 12.40 261.39 273.79 OK
r-devel-linux-x86_64-fedora-clang 1.10.3 478.73 OK
r-devel-linux-x86_64-fedora-gcc 1.10.3 480.65 OK
r-devel-windows-x86_64 1.10.3 16.00 266.00 282.00 OK
r-patched-linux-x86_64 1.10.3 21.14 334.90 356.04 OK
r-release-linux-x86_64 1.10.3 14.81 323.02 337.83 OK
r-release-macos-arm64 1.10.3 175.00 OK
r-release-macos-x86_64 1.10.3 445.00 OK
r-release-windows-x86_64 1.10.3 17.00 265.00 282.00 OK
r-oldrel-macos-arm64 1.10.3 197.00 ERROR
r-oldrel-macos-x86_64 1.10.3 475.00 ERROR
r-oldrel-windows-x86_64 1.10.3 22.00 327.00 349.00 OK

Check Details

Version: 1.10.3
Check: running R code from vignettes
Result: ERROR Errors in running code in vignettes: when running code in ‘messy-data.Rmd’ ... When sourcing ‘messy-data.R’: Error: The rows of your requested reference grid would be 216, which exceeds the limit of 200 (not including any multivariate responses). Your options are: 1. Specify some (or more) nuisance factors using the 'nuisance' argument (see ?ref_grid). These must be factors that do not interact with others. 2. Add the argument 'rg.limit = <new limit>' to the call. Be careful, because this could cause excessive memory use and performance issues. Or, change the default via 'emm_options(rg.limit = <new limit>)'. Execution halted when running code in ‘xplanations.Rmd’ ... > foo8 = foo > foo8@V <- mkmat(foo8@V, 0.8) > plot(foo8, CIs = FALSE, comparisons = TRUE) When sourcing ‘xplanations.R’: Error: Aborted -- Some comparison arrows have negative length! (in group "1") Execution halted ‘AQuickStart.Rmd’ using ‘UTF-8’... [1s/1s] OK ‘FAQs.Rmd’ using ‘UTF-8’... [1s/1s] OK ‘basics.Rmd’ using ‘UTF-8’... [3s/4s] OK ‘comparisons.Rmd’ using ‘UTF-8’... [2s/3s] OK ‘confidence-intervals.Rmd’ using ‘UTF-8’... [1s/2s] OK ‘interactions.Rmd’ using ‘UTF-8’... [4s/4s] OK ‘messy-data.Rmd’ using ‘UTF-8’... failed ‘models.Rmd’ using ‘UTF-8’... [0s/0s] OK ‘predictions.Rmd’ using ‘UTF-8’... [2s/2s] OK ‘re-engineering-clds.rmd’ using ‘UTF-8’... [1s/1s] OK ‘sophisticated.Rmd’ using ‘UTF-8’... [5s/6s] OK ‘transformations.Rmd’ using ‘UTF-8’... [3s/4s] OK ‘utilities.Rmd’ using ‘UTF-8’... [2s/2s] OK ‘vignette-topics.Rmd’ using ‘UTF-8’... [0s/0s] OK ‘xplanations.Rmd’ using ‘UTF-8’... failed ‘xtending.Rmd’ using ‘UTF-8’... [1s/2s] OK Flavor: r-oldrel-macos-arm64

Version: 1.10.3
Check: running R code from vignettes
Result: ERROR Errors in running code in vignettes: when running code in ‘messy-data.Rmd’ ... When sourcing ‘messy-data.R’: Error: The rows of your requested reference grid would be 216, which exceeds the limit of 200 (not including any multivariate responses). Your options are: 1. Specify some (or more) nuisance factors using the 'nuisance' argument (see ?ref_grid). These must be factors that do not interact with others. 2. Add the argument 'rg.limit = <new limit>' to the call. Be careful, because this could cause excessive memory use and performance issues. Or, change the default via 'emm_options(rg.limit = <new limit>)'. Execution halted when running code in ‘xplanations.Rmd’ ... > foo8 = foo > foo8@V <- mkmat(foo8@V, 0.8) > plot(foo8, CIs = FALSE, comparisons = TRUE) When sourcing ‘xplanations.R’: Error: Aborted -- Some comparison arrows have negative length! (in group "1") Execution halted ‘AQuickStart.Rmd’ using ‘UTF-8’... [1s/3s] OK ‘FAQs.Rmd’ using ‘UTF-8’... [2s/4s] OK ‘basics.Rmd’ using ‘UTF-8’... [4s/10s] OK ‘comparisons.Rmd’ using ‘UTF-8’... [4s/8s] OK ‘confidence-intervals.Rmd’ using ‘UTF-8’... [2s/4s] OK ‘interactions.Rmd’ using ‘UTF-8’... [5s/12s] OK ‘messy-data.Rmd’ using ‘UTF-8’... failed ‘models.Rmd’ using ‘UTF-8’... [0s/1s] OK ‘predictions.Rmd’ using ‘UTF-8’... [3s/7s] OK ‘re-engineering-clds.rmd’ using ‘UTF-8’... [2s/2s] OK ‘sophisticated.Rmd’ using ‘UTF-8’... [8s/15s] OK ‘transformations.Rmd’ using ‘UTF-8’... [5s/11s] OK ‘utilities.Rmd’ using ‘UTF-8’... [2s/5s] OK ‘vignette-topics.Rmd’ using ‘UTF-8’... [0s/1s] OK ‘xplanations.Rmd’ using ‘UTF-8’... failed ‘xtending.Rmd’ using ‘UTF-8’... [2s/4s] OK Flavor: r-oldrel-macos-x86_64