Last updated on 2022-07-05 17:50:30 CEST.
Flavor | Version | Tinstall | Tcheck | Ttotal | Status | Flags |
---|---|---|---|---|---|---|
r-devel-linux-x86_64-debian-clang | 2.1.1 | 59.77 | 445.60 | 505.37 | OK | |
r-devel-linux-x86_64-debian-gcc | 2.1.1 | 42.67 | 327.00 | 369.67 | OK | |
r-devel-linux-x86_64-fedora-clang | 2.1.1 | 588.48 | NOTE | |||
r-devel-linux-x86_64-fedora-gcc | 2.1.1 | 600.40 | NOTE | |||
r-devel-windows-x86_64 | 2.1.1 | 85.00 | 411.00 | 496.00 | OK | |
r-patched-linux-x86_64 | 2.1.1 | 46.32 | 422.00 | 468.32 | OK | |
r-release-linux-x86_64 | 2.1.1 | 36.87 | 424.72 | 461.59 | OK | |
r-release-macos-arm64 | 2.1.1 | 115.00 | NOTE | |||
r-release-macos-x86_64 | 2.1.1 | 206.00 | NOTE | |||
r-release-windows-x86_64 | 2.1.1 | 86.00 | 416.00 | 502.00 | OK | |
r-oldrel-macos-arm64 | 2.1.1 | 123.00 | NOTE | |||
r-oldrel-macos-x86_64 | 2.1.1 | 173.00 | NOTE | |||
r-oldrel-windows-ix86+x86_64 | 2.1.1 | 102.00 | 431.00 | 533.00 | OK |
Version: 2.1.1
Check: data for non-ASCII characters
Result: NOTE
Note: found 50 marked Latin-1 strings
Flavors: r-devel-linux-x86_64-fedora-clang, r-devel-linux-x86_64-fedora-gcc, r-release-macos-arm64, r-release-macos-x86_64, r-oldrel-macos-arm64, r-oldrel-macos-x86_64