CRAN Package Check Results for Package emIRT

Last updated on 2022-01-23 00:57:10 CET.

Flavor Version Tinstall Tcheck Ttotal Status Flags
r-devel-linux-x86_64-debian-clang 0.0.11 156.56 11.75 168.31 ERROR
r-devel-linux-x86_64-debian-gcc 0.0.11 119.33 9.35 128.68 ERROR
r-devel-linux-x86_64-fedora-clang 0.0.11 1720.74 ERROR
r-devel-linux-x86_64-fedora-gcc 0.0.11 1411.94 ERROR
r-devel-windows-x86_64-new-UL 0.0.11 145.00 8.00 153.00 ERROR
r-devel-windows-x86_64-new-TK 0.0.11 ERROR
r-patched-linux-x86_64 0.0.11 144.35 11.27 155.62 ERROR
r-release-linux-x86_64 0.0.11 152.05 11.70 163.75 ERROR
r-release-macos-arm64 0.0.11 NOTE
r-release-macos-x86_64 0.0.11 NOTE
r-release-windows-ix86+x86_64 0.0.11 205.00 8.00 213.00 ERROR
r-oldrel-macos-x86_64 0.0.11 NOTE
r-oldrel-windows-ix86+x86_64 0.0.11 208.00 8.00 216.00 ERROR

Check Details

Version: 0.0.11
Check: whether package can be installed
Result: ERROR
    Installation failed.
Flavors: r-devel-linux-x86_64-debian-clang, r-devel-linux-x86_64-debian-gcc, r-devel-linux-x86_64-fedora-clang, r-devel-linux-x86_64-fedora-gcc, r-devel-windows-x86_64-new-UL, r-devel-windows-x86_64-new-TK, r-patched-linux-x86_64, r-release-linux-x86_64, r-release-windows-ix86+x86_64, r-oldrel-windows-ix86+x86_64

Version: 0.0.11
Check: installed package size
Result: NOTE
     installed size is 21.2Mb
     sub-directories of 1Mb or more:
     data 2.0Mb
     libs 19.0Mb
Flavors: r-release-macos-arm64, r-release-macos-x86_64, r-oldrel-macos-x86_64