CRAN Package Check Results for Package electoral

Last updated on 2021-09-18 05:02:30 CEST.

Flavor Version Tinstall Tcheck Ttotal Status Flags
r-devel-linux-x86_64-debian-clang 0.1.2 3.69 41.51 45.20 NOTE
r-devel-linux-x86_64-debian-gcc 0.1.2 2.70 30.87 33.57 NOTE
r-devel-linux-x86_64-fedora-clang 0.1.2 63.69 NOTE
r-devel-linux-x86_64-fedora-gcc 0.1.2 51.51 NOTE
r-devel-windows-x86_64 0.1.2 6.00 56.00 62.00 NOTE
r-devel-windows-x86_64-gcc10-UCRT 0.1.2 NOTE
r-patched-linux-x86_64 0.1.2 3.98 39.32 43.30 NOTE
r-patched-solaris-x86 0.1.2 74.50 NOTE
r-release-linux-x86_64 0.1.2 3.52 38.95 42.47 NOTE
r-release-macos-arm64 0.1.2 NOTE
r-release-macos-x86_64 0.1.2 NOTE
r-release-windows-ix86+x86_64 0.1.2 10.00 42.00 52.00 NOTE
r-oldrel-macos-x86_64 0.1.2 OK
r-oldrel-windows-ix86+x86_64 0.1.2 10.00 45.00 55.00 OK

Check Details

Version: 0.1.2
Check: LazyData
Result: NOTE
     'LazyData' is specified without a 'data' directory
Flavors: r-devel-linux-x86_64-debian-clang, r-devel-linux-x86_64-debian-gcc, r-devel-linux-x86_64-fedora-clang, r-devel-linux-x86_64-fedora-gcc, r-devel-windows-x86_64, r-devel-windows-x86_64-gcc10-UCRT, r-patched-linux-x86_64, r-patched-solaris-x86, r-release-linux-x86_64, r-release-macos-arm64, r-release-macos-x86_64, r-release-windows-ix86+x86_64