Last updated on 2023-01-28 04:56:54 CET.
Flavor | Version | Tinstall | Tcheck | Ttotal | Status | Flags |
---|---|---|---|---|---|---|
r-devel-linux-x86_64-debian-clang | 1.1.2 | 90.12 | 50.70 | 140.82 | OK | |
r-devel-linux-x86_64-debian-gcc | 1.1.2 | 67.17 | 35.44 | 102.61 | OK | |
r-devel-linux-x86_64-fedora-clang | 1.1.2 | 195.21 | OK | |||
r-devel-linux-x86_64-fedora-gcc | 1.1.2 | 189.33 | OK | |||
r-devel-windows-x86_64 | 1.1.2 | 127.00 | 101.00 | 228.00 | OK | |
r-patched-linux-x86_64 | 1.1.2 | 85.93 | 46.56 | 132.49 | OK | |
r-release-linux-x86_64 | 1.1.2 | 60.54 | 47.09 | 107.63 | OK | |
r-release-macos-arm64 | 1.1.2 | 43.00 | NOTE | |||
r-release-macos-x86_64 | 1.1.2 | 66.00 | NOTE | |||
r-release-windows-x86_64 | 1.1.2 | 110.00 | 102.00 | 212.00 | OK | |
r-oldrel-macos-arm64 | 1.1.2 | 40.00 | NOTE | |||
r-oldrel-macos-x86_64 | 1.1.2 | 70.00 | NOTE | |||
r-oldrel-windows-ix86+x86_64 | 1.1.2 | 207.00 | 114.00 | 321.00 | OK |
Version: 1.1.2
Check: installed package size
Result: NOTE
installed size is 9.2Mb
sub-directories of 1Mb or more:
libs 9.0Mb
Flavors: r-release-macos-arm64, r-release-macos-x86_64, r-oldrel-macos-arm64, r-oldrel-macos-x86_64