CRAN Package Check Results for Package elbird

Last updated on 2023-01-28 04:56:53 CET.

Flavor Version Tinstall Tcheck Ttotal Status Flags
r-devel-linux-x86_64-debian-clang 0.2.5 180.43 57.77 238.20 WARN
r-devel-linux-x86_64-debian-gcc 0.2.5 184.59 42.76 227.35 WARN
r-devel-linux-x86_64-fedora-clang 0.2.5 342.28 WARN
r-devel-linux-x86_64-fedora-gcc 0.2.5 405.74 WARN
r-devel-windows-x86_64 0.2.5 42.00 113.00 155.00 OK
r-patched-linux-x86_64 0.2.5 172.93 52.66 225.59 OK
r-release-linux-x86_64 0.2.5 166.09 53.45 219.54 OK
r-release-macos-arm64 0.2.5 84.00 OK
r-release-macos-x86_64 0.2.5 116.00 OK
r-release-windows-x86_64 0.2.5 50.00 114.00 164.00 OK
r-oldrel-macos-arm64 0.2.5 70.00 OK
r-oldrel-macos-x86_64 0.2.5 114.00 OK
r-oldrel-windows-ix86+x86_64 0.2.5 64.00 117.00 181.00 OK

Check Details

Version: 0.2.5
Check: whether package can be installed
Result: WARN
    Found the following significant warnings:
     /tmp/RtmpkLJpbh/R.INSTALL1ea49b71cd8b8/elbird/Kiwi/src/bitset.hpp:23:5: warning: anonymous structs are a GNU extension [-Wgnu-anonymous-struct]
     /tmp/RtmpkLJpbh/R.INSTALL1ea49b71cd8b8/elbird/Kiwi/src/bitset.hpp:23:5: warning: anonymous types declared in an anonymous union are an extension [-Wnested-anon-types]
     /tmp/RtmpkLJpbh/R.INSTALL1ea49b71cd8b8/elbird/Kiwi/src/StrUtils.h:326:20: warning: unqualified call to 'std::move' [-Wunqualified-std-cast-call]
     /tmp/RtmpkLJpbh/R.INSTALL1ea49b71cd8b8/elbird/Kiwi/src/StrUtils.h:326:31: warning: unqualified call to 'std::move' [-Wunqualified-std-cast-call]
     /tmp/RtmpkLJpbh/R.INSTALL1ea49b71cd8b8/elbird/Kiwi/src/Combiner.cpp:228:41: warning: unqualified call to 'std::move' [-Wunqualified-std-cast-call]
     /tmp/RtmpkLJpbh/R.INSTALL1ea49b71cd8b8/elbird/Kiwi/src/Combiner.cpp:441:15: warning: unqualified call to 'std::move' [-Wunqualified-std-cast-call]
     /tmp/RtmpkLJpbh/R.INSTALL1ea49b71cd8b8/elbird/Kiwi/src/Combiner.cpp:513:42: warning: unqualified call to 'std::move' [-Wunqualified-std-cast-call]
     /tmp/RtmpkLJpbh/R.INSTALL1ea49b71cd8b8/elbird/Kiwi/src/Combiner.cpp:565:93: warning: unqualified call to 'std::move' [-Wunqualified-std-cast-call]
     /tmp/RtmpkLJpbh/R.INSTALL1ea49b71cd8b8/elbird/Kiwi/src/Combiner.cpp:734:11: warning: unqualified call to 'std::move' [-Wunqualified-std-cast-call]
     /tmp/RtmpkLJpbh/R.INSTALL1ea49b71cd8b8/elbird/Kiwi/src/Combiner.cpp:909:4: warning: unqualified call to 'std::move' [-Wunqualified-std-cast-call]
     /tmp/RtmpkLJpbh/R.INSTALL1ea49b71cd8b8/elbird/Kiwi/src/Combiner.cpp:525:56: warning: unqualified call to 'std::move' [-Wunqualified-std-cast-call]
     /tmp/RtmpkLJpbh/R.INSTALL1ea49b71cd8b8/elbird/Kiwi/src/Combiner.cpp:529:57: warning: unqualified call to 'std::move' [-Wunqualified-std-cast-call]
     /tmp/RtmpkLJpbh/R.INSTALL1ea49b71cd8b8/elbird/Kiwi/src/Combiner.cpp:533:57: warning: unqualified call to 'std::move' [-Wunqualified-std-cast-call]
     /tmp/RtmpkLJpbh/R.INSTALL1ea49b71cd8b8/elbird/Kiwi/src/Combiner.cpp:420:15: warning: unqualified call to 'std::move' [-Wunqualified-std-cast-call]
     /tmp/RtmpkLJpbh/R.INSTALL1ea49b71cd8b8/elbird/Kiwi/src/Combiner.cpp:421:15: warning: unqualified call to 'std::move' [-Wunqualified-std-cast-call]
     /tmp/RtmpkLJpbh/R.INSTALL1ea49b71cd8b8/elbird/Kiwi/src/Combiner.cpp:422:20: warning: unqualified call to 'std::move' [-Wunqualified-std-cast-call]
     /tmp/RtmpkLJpbh/R.INSTALL1ea49b71cd8b8/elbird/Kiwi/src/Combiner.cpp:423:18: warning: unqualified call to 'std::move' [-Wunqualified-std-cast-call]
     /tmp/RtmpkLJpbh/R.INSTALL1ea49b71cd8b8/elbird/Kiwi/src/Combiner.cpp:424:24: warning: unqualified call to 'std::move' [-Wunqualified-std-cast-call]
     /tmp/RtmpkLJpbh/R.INSTALL1ea49b71cd8b8/elbird/Kiwi/src/Kiwi.cpp:301:49: warning: unqualified call to 'std::move' [-Wunqualified-std-cast-call]
     /tmp/RtmpkLJpbh/R.INSTALL1ea49b71cd8b8/elbird/Kiwi/src/Kiwi.cpp:706:78: warning: unqualified call to 'std::move' [-Wunqualified-std-cast-call]
     /tmp/RtmpkLJpbh/R.INSTALL1ea49b71cd8b8/elbird/Kiwi/src/Kiwi.cpp:708:16: warning: unqualified call to 'std::move' [-Wunqualified-std-cast-call]
     /tmp/RtmpkLJpbh/R.INSTALL1ea49b71cd8b8/elbird/Kiwi/src/Kiwi.cpp:327:28: warning: unqualified call to 'std::move' [-Wunqualified-std-cast-call]
     /tmp/RtmpkLJpbh/R.INSTALL1ea49b71cd8b8/elbird/Kiwi/src/KiwiBuilder.cpp:154:16: warning: unqualified call to 'std::move' [-Wunqualified-std-cast-call]
     /tmp/RtmpkLJpbh/R.INSTALL1ea49b71cd8b8/elbird/Kiwi/src/KiwiBuilder.cpp:190:16: warning: unqualified call to 'std::move' [-Wunqualified-std-cast-call]
     /tmp/RtmpkLJpbh/R.INSTALL1ea49b71cd8b8/elbird/Kiwi/src/KiwiBuilder.cpp:200:17: warning: unqualified call to 'std::move' [-Wunqualified-std-cast-call]
     /tmp/RtmpkLJpbh/R.INSTALL1ea49b71cd8b8/elbird/Kiwi/src/KiwiBuilder.cpp:204:32: warning: unqualified call to 'std::move' [-Wunqualified-std-cast-call]
     /tmp/RtmpkLJpbh/R.INSTALL1ea49b71cd8b8/elbird/Kiwi/src/KiwiBuilder.cpp:275:26: warning: unqualified call to 'std::move' [-Wunqualified-std-cast-call]
     /tmp/RtmpkLJpbh/R.INSTALL1ea49b71cd8b8/elbird/Kiwi/src/KiwiBuilder.cpp:282:22: warning: unqualified call to 'std::move' [-Wunqualified-std-cast-call]
     /tmp/RtmpkLJpbh/R.INSTALL1ea49b71cd8b8/elbird/Kiwi/src/KiwiBuilder.cpp:1026:23: warning: unqualified call to 'std::move' [-Wunqualified-std-cast-call]
     /tmp/RtmpkLJpbh/R.INSTALL1ea49b71cd8b8/elbird/Kiwi/src/Knlm.hpp:1170:86: warning: unqualified call to 'std::move' [-Wunqualified-std-cast-call]
     /tmp/RtmpkLJpbh/R.INSTALL1ea49b71cd8b8/elbird/Kiwi/src/Knlm.hpp:1174:87: warning: unqualified call to 'std::move' [-Wunqualified-std-cast-call]
     /tmp/RtmpkLJpbh/R.INSTALL1ea49b71cd8b8/elbird/Kiwi/src/Knlm.hpp:1178:87: warning: unqualified call to 'std::move' [-Wunqualified-std-cast-call]
     /tmp/RtmpkLJpbh/R.INSTALL1ea49b71cd8b8/elbird/Kiwi/src/Knlm.hpp:1182:87: warning: unqualified call to 'std::move' [-Wunqualified-std-cast-call]
     /tmp/RtmpkLJpbh/R.INSTALL1ea49b71cd8b8/elbird/Kiwi/src/KTrie.cpp:18:21: warning: unqualified call to 'std::forward' [-Wunqualified-std-cast-call]
     /tmp/RtmpkLJpbh/R.INSTALL1ea49b71cd8b8/elbird/Kiwi/src/WordDetector.cpp:222:18: warning: unqualified call to 'std::move' [-Wunqualified-std-cast-call]
     /tmp/RtmpkLJpbh/R.INSTALL1ea49b71cd8b8/elbird/Kiwi/src/WordDetector.cpp:280:24: warning: unqualified call to 'std::move' [-Wunqualified-std-cast-call]
     /tmp/RtmpkLJpbh/R.INSTALL1ea49b71cd8b8/elbird/Kiwi/src/WordDetector.cpp:649:20: warning: unqualified call to 'std::move' [-Wunqualified-std-cast-call]
     /tmp/RtmpkLJpbh/R.INSTALL1ea49b71cd8b8/elbird/Kiwi/third_party/mimalloc/include/mimalloc-internal.h:56:26: warning: a function declaration without a prototype is deprecated in all versions of C [-Wstrict-prototypes]
     /tmp/RtmpkLJpbh/R.INSTALL1ea49b71cd8b8/elbird/Kiwi/third_party/mimalloc/src/os.c:93:24: warning: a function declaration without a prototype is deprecated in all versions of C [-Wstrict-prototypes]
     /tmp/RtmpkLJpbh/R.INSTALL1ea49b71cd8b8/elbird/Kiwi/third_party/mimalloc/src/os.c:98:30: warning: a function declaration without a prototype is deprecated in all versions of C [-Wstrict-prototypes]
     /tmp/RtmpkLJpbh/R.INSTALL1ea49b71cd8b8/elbird/Kiwi/third_party/mimalloc/src/os.c:217:17: warning: a function declaration without a prototype is deprecated in all versions of C [-Wstrict-prototypes]
     /tmp/RtmpkLJpbh/R.INSTALL1ea49b71cd8b8/elbird/Kiwi/third_party/mimalloc/src/region.c:43:31: warning: a function declaration without a prototype is deprecated in all versions of C [-Wstrict-prototypes]
     /tmp/RtmpkLJpbh/R.INSTALL1ea49b71cd8b8/elbird/Kiwi/third_party/mimalloc/src/alloc.c:750:26: warning: a function declaration without a prototype is deprecated in all versions of C [-Wstrict-prototypes]
     /tmp/RtmpkLJpbh/R.INSTALL1ea49b71cd8b8/elbird/Kiwi/third_party/mimalloc/src/alloc.c:810:34: warning: a function declaration without a prototype is deprecated in all versions of C [-Wstrict-prototypes]
     /tmp/RtmpkLJpbh/R.INSTALL1ea49b71cd8b8/elbird/Kiwi/third_party/mimalloc/src/alloc.c:813:61: warning: a function declaration without a prototype is deprecated in all versions of C [-Wstrict-prototypes]
     /tmp/RtmpkLJpbh/R.INSTALL1ea49b71cd8b8/elbird/Kiwi/third_party/mimalloc/src/alloc.c:816:44: warning: a function declaration without a prototype is deprecated in all versions of C [-Wstrict-prototypes]
     /tmp/RtmpkLJpbh/R.INSTALL1ea49b71cd8b8/elbird/Kiwi/third_party/mimalloc/src/options.c:25:33: warning: a function declaration without a prototype is deprecated in all versions of C [-Wstrict-prototypes]
     /tmp/RtmpkLJpbh/R.INSTALL1ea49b71cd8b8/elbird/Kiwi/third_party/mimalloc/src/options.c:245:33: warning: a function declaration without a prototype is deprecated in all versions of C [-Wstrict-prototypes]
     /tmp/RtmpkLJpbh/R.INSTALL1ea49b71cd8b8/elbird/Kiwi/src/capi/kiwi_c.cpp:31:54: warning: unqualified call to 'std::move' [-Wunqualified-std-cast-call]
     /tmp/RtmpkLJpbh/R.INSTALL1ea49b71cd8b8/elbird/Kiwi/src/capi/kiwi_c.cpp:226:23: warning: unqualified call to 'std::move' [-Wunqualified-std-cast-call]
     /tmp/RtmpkLJpbh/R.INSTALL1ea49b71cd8b8/elbird/Kiwi/src/capi/kiwi_c.cpp:255:23: warning: unqualified call to 'std::move' [-Wunqualified-std-cast-call]
     /tmp/RtmpkLJpbh/R.INSTALL1ea49b71cd8b8/elbird/Kiwi/src/capi/kiwi_c.cpp:285:23: warning: unqualified call to 'std::move' [-Wunqualified-std-cast-call]
     /tmp/RtmpkLJpbh/R.INSTALL1ea49b71cd8b8/elbird/Kiwi/src/capi/kiwi_c.cpp:314:23: warning: unqualified call to 'std::move' [-Wunqualified-std-cast-call]
     /tmp/RtmpkLJpbh/R.INSTALL1ea49b71cd8b8/elbird/Kiwi/src/capi/kiwi_c.cpp:487:32: warning: unqualified call to 'std::move' [-Wunqualified-std-cast-call]
     /tmp/RtmpkLJpbh/R.INSTALL1ea49b71cd8b8/elbird/Kiwi/src/capi/kiwi_c.cpp:515:32: warning: unqualified call to 'std::move' [-Wunqualified-std-cast-call]
     /tmp/RtmpkLJpbh/R.INSTALL1ea49b71cd8b8/elbird/Kiwi/src/capi/kiwi_c.cpp:536:53: warning: unqualified call to 'std::move' [-Wunqualified-std-cast-call]
     /tmp/RtmpkLJpbh/R.INSTALL1ea49b71cd8b8/elbird/Kiwi/src/capi/kiwi_c.cpp:537:23: warning: unqualified call to 'std::move' [-Wunqualified-std-cast-call]
     /tmp/RtmpkLJpbh/R.INSTALL1ea49b71cd8b8/elbird/Kiwi/src/capi/kiwi_c.cpp:555:53: warning: unqualified call to 'std::move' [-Wunqualified-std-cast-call]
     /tmp/RtmpkLJpbh/R.INSTALL1ea49b71cd8b8/elbird/Kiwi/src/capi/kiwi_c.cpp:556:23: warning: unqualified call to 'std::move' [-Wunqualified-std-cast-call]
    See ‘/home/hornik/tmp/R.check/r-devel-clang/Work/PKGS/elbird.Rcheck/00install.out’ for details.
    * used C++ compiler: ‘Debian clang version 15.0.6’
Flavor: r-devel-linux-x86_64-debian-clang

Version: 0.2.5
Check: whether package can be installed
Result: WARN
    Found the following significant warnings:
     /home/hornik/tmp/scratch/RtmpChlf2c/R.INSTALL2c0503b0a3cd9/elbird/Kiwi/src/Kiwi.cpp:351:25: warning: ‘kiwi::MInfo::ownFormId’ will be initialized after [-Wreorder]
     /home/hornik/tmp/scratch/RtmpChlf2c/R.INSTALL2c0503b0a3cd9/elbird/Kiwi/src/Kiwi.cpp:346:26: warning: ‘uint32_t kiwi::MInfo::beginPos’ [-Wreorder]
     /home/hornik/tmp/scratch/RtmpChlf2c/R.INSTALL2c0503b0a3cd9/elbird/Kiwi/src/Kiwi.cpp:352:17: warning: when initialized here [-Wreorder]
     /home/hornik/tmp/scratch/RtmpChlf2c/R.INSTALL2c0503b0a3cd9/elbird/Kiwi/src/KiwiBuilder.cpp:39:105: warning: default argument specified for lambda parameter [-Wc++14-extensions]
     /home/hornik/tmp/scratch/RtmpChlf2c/R.INSTALL2c0503b0a3cd9/elbird/Kiwi/include/kiwi/Kiwi.h:376:29: warning: ‘kiwi::KiwiBuilder::options’ will be initialized after [-Wreorder]
     /home/hornik/tmp/scratch/RtmpChlf2c/R.INSTALL2c0503b0a3cd9/elbird/Kiwi/include/kiwi/Kiwi.h:375:24: warning: ‘size_t kiwi::KiwiBuilder::numThreads’ [-Wreorder]
     /home/hornik/tmp/scratch/RtmpChlf2c/R.INSTALL2c0503b0a3cd9/elbird/Kiwi/src/KiwiBuilder.cpp:323:1: warning: when initialized here [-Wreorder]
     /home/hornik/tmp/scratch/RtmpChlf2c/R.INSTALL2c0503b0a3cd9/elbird/Kiwi/third_party/cpp-btree/btree/btree.h:645:37: warning: array subscript ‘btree::btree_node<btree::btree_map_params<std::pair<short unsigned int, short unsigned int>, long unsigned int, std::less<std::pair<short unsigned int, short unsigned int> >, std::allocator<std::pair<const std::pair<short unsigned int, short unsigned int>, long unsigned int> >, 256> >[0]’ is partly outside array bounds of ‘unsigned char [504]’ [-Warray-bounds]
     /home/hornik/tmp/scratch/RtmpChlf2c/R.INSTALL2c0503b0a3cd9/elbird/Kiwi/third_party/cpp-btree/btree/btree.h:646:35: warning: array subscript ‘btree::btree_node<btree::btree_map_params<std::pair<short unsigned int, short unsigned int>, long unsigned int, std::less<std::pair<short unsigned int, short unsigned int> >, std::allocator<std::pair<const std::pair<short unsigned int, short unsigned int>, long unsigned int> >, 256> >[0]’ is partly outside array bounds of ‘unsigned char [504]’ [-Warray-bounds]
     /home/hornik/tmp/scratch/RtmpChlf2c/R.INSTALL2c0503b0a3cd9/elbird/Kiwi/third_party/cpp-btree/btree/btree.h:645:37: warning: array subscript ‘btree::btree_node<btree::btree_map_params<short unsigned int, int, std::less<short unsigned int>, std::allocator<std::pair<const short unsigned int, int> >, 256> >[0]’ is partly outside array bounds of ‘unsigned char [664]’ [-Warray-bounds]
     /home/hornik/tmp/scratch/RtmpChlf2c/R.INSTALL2c0503b0a3cd9/elbird/Kiwi/third_party/cpp-btree/btree/btree.h:646:35: warning: array subscript ‘btree::btree_node<btree::btree_map_params<short unsigned int, int, std::less<short unsigned int>, std::allocator<std::pair<const short unsigned int, int> >, 256> >[0]’ is partly outside array bounds of ‘unsigned char [664]’ [-Warray-bounds]
     /home/hornik/tmp/scratch/RtmpChlf2c/R.INSTALL2c0503b0a3cd9/elbird/Kiwi/third_party/cpp-btree/btree/btree.h:645:37: warning: array subscript ‘btree::btree_node<btree::btree_map_params<char16_t, int, std::less<char16_t>, std::allocator<std::pair<const char16_t, int> >, 256> >[0]’ is partly outside array bounds of ‘unsigned char [664]’ [-Warray-bounds]
     /home/hornik/tmp/scratch/RtmpChlf2c/R.INSTALL2c0503b0a3cd9/elbird/Kiwi/third_party/cpp-btree/btree/btree.h:646:35: warning: array subscript ‘btree::btree_node<btree::btree_map_params<char16_t, int, std::less<char16_t>, std::allocator<std::pair<const char16_t, int> >, 256> >[0]’ is partly outside array bounds of ‘unsigned char [664]’ [-Warray-bounds]
     /home/hornik/tmp/scratch/RtmpChlf2c/R.INSTALL2c0503b0a3cd9/elbird/Kiwi/src/KTrie.cpp:53:37: warning: default argument specified for lambda parameter [-Wc++14-extensions]
     /home/hornik/tmp/scratch/RtmpChlf2c/R.INSTALL2c0503b0a3cd9/elbird/Kiwi/src/KTrie.cpp:53:63: warning: default argument specified for lambda parameter [-Wc++14-extensions]
     /home/hornik/tmp/scratch/RtmpChlf2c/R.INSTALL2c0503b0a3cd9/elbird/Kiwi/src/pattern.hpp:144:78: warning: array subscript 0 is outside array bounds of ‘PatternMatcherImpl [1]’ [-Warray-bounds]
     /home/hornik/tmp/scratch/RtmpChlf2c/R.INSTALL2c0503b0a3cd9/elbird/Kiwi/third_party/mimalloc/include/mimalloc-internal.h:56:1: warning: function declaration isn’t a prototype [-Wstrict-prototypes]
     /home/hornik/tmp/scratch/RtmpChlf2c/R.INSTALL2c0503b0a3cd9/elbird/Kiwi/third_party/mimalloc/src/os.c:98:8: warning: function declaration isn’t a prototype [-Wstrict-prototypes]
     /home/hornik/tmp/scratch/RtmpChlf2c/R.INSTALL2c0503b0a3cd9/elbird/Kiwi/third_party/mimalloc/src/region.c:43:1: warning: function declaration isn’t a prototype [-Wstrict-prototypes]
     /home/hornik/tmp/scratch/RtmpChlf2c/R.INSTALL2c0503b0a3cd9/elbird/Kiwi/third_party/mimalloc/src/alloc.c:750:15: warning: function declaration isn’t a prototype [-Wstrict-prototypes]
     /home/hornik/tmp/scratch/RtmpChlf2c/R.INSTALL2c0503b0a3cd9/elbird/Kiwi/third_party/mimalloc/src/alloc.c:810:1: warning: function declaration isn’t a prototype [-Wstrict-prototypes]
     /home/hornik/tmp/scratch/RtmpChlf2c/R.INSTALL2c0503b0a3cd9/elbird/Kiwi/third_party/mimalloc/src/alloc.c:813:39: warning: function declaration isn’t a prototype [-Wstrict-prototypes]
     /home/hornik/tmp/scratch/RtmpChlf2c/R.INSTALL2c0503b0a3cd9/elbird/Kiwi/third_party/mimalloc/src/alloc.c:816:26: warning: function declaration isn’t a prototype [-Wstrict-prototypes]
     /home/hornik/tmp/scratch/RtmpChlf2c/R.INSTALL2c0503b0a3cd9/elbird/Kiwi/third_party/mimalloc/src/options.c:25:1: warning: function declaration isn’t a prototype [-Wstrict-prototypes]
     /home/hornik/tmp/scratch/RtmpChlf2c/R.INSTALL2c0503b0a3cd9/elbird/Kiwi/third_party/mimalloc/src/options.c:245:13: warning: function declaration isn’t a prototype [-Wstrict-prototypes]
    See ‘/home/hornik/tmp/R.check/r-devel-gcc/Work/PKGS/elbird.Rcheck/00install.out’ for details.
    * used C++ compiler: ‘g++-12 (Debian 12.2.0-14) 12.2.0’
Flavor: r-devel-linux-x86_64-debian-gcc

Version: 0.2.5
Check: C++ specification
Result: NOTE
     Specified C++11: please update to current default of C++17
Flavors: r-devel-linux-x86_64-debian-gcc, r-devel-linux-x86_64-fedora-gcc

Version: 0.2.5
Check: whether package can be installed
Result: WARN
    Found the following significant warnings:
     /data/gannet/ripley/R/packages/tests-clang/elbird/Kiwi/src/bitset.hpp:23:5: warning: anonymous structs are a GNU extension [-Wgnu-anonymous-struct]
     /data/gannet/ripley/R/packages/tests-clang/elbird/Kiwi/src/bitset.hpp:23:5: warning: anonymous types declared in an anonymous union are an extension [-Wnested-anon-types]
     /data/gannet/ripley/R/packages/tests-clang/elbird/Kiwi/src/StrUtils.h:326:20: warning: unqualified call to 'std::move' [-Wunqualified-std-cast-call]
     /data/gannet/ripley/R/packages/tests-clang/elbird/Kiwi/src/StrUtils.h:326:31: warning: unqualified call to 'std::move' [-Wunqualified-std-cast-call]
     /data/gannet/ripley/R/packages/tests-clang/elbird/Kiwi/src/Combiner.cpp:228:41: warning: unqualified call to 'std::move' [-Wunqualified-std-cast-call]
     /data/gannet/ripley/R/packages/tests-clang/elbird/Kiwi/src/Combiner.cpp:441:15: warning: unqualified call to 'std::move' [-Wunqualified-std-cast-call]
     /data/gannet/ripley/R/packages/tests-clang/elbird/Kiwi/src/Combiner.cpp:513:42: warning: unqualified call to 'std::move' [-Wunqualified-std-cast-call]
     /data/gannet/ripley/R/packages/tests-clang/elbird/Kiwi/src/Combiner.cpp:565:93: warning: unqualified call to 'std::move' [-Wunqualified-std-cast-call]
     /data/gannet/ripley/R/packages/tests-clang/elbird/Kiwi/src/Combiner.cpp:734:11: warning: unqualified call to 'std::move' [-Wunqualified-std-cast-call]
     /data/gannet/ripley/R/packages/tests-clang/elbird/Kiwi/src/Combiner.cpp:909:4: warning: unqualified call to 'std::move' [-Wunqualified-std-cast-call]
     /data/gannet/ripley/R/packages/tests-clang/elbird/Kiwi/src/Combiner.cpp:525:56: warning: unqualified call to 'std::move' [-Wunqualified-std-cast-call]
     /data/gannet/ripley/R/packages/tests-clang/elbird/Kiwi/src/Combiner.cpp:529:57: warning: unqualified call to 'std::move' [-Wunqualified-std-cast-call]
     /data/gannet/ripley/R/packages/tests-clang/elbird/Kiwi/src/Combiner.cpp:533:57: warning: unqualified call to 'std::move' [-Wunqualified-std-cast-call]
     /data/gannet/ripley/R/packages/tests-clang/elbird/Kiwi/src/Combiner.cpp:420:15: warning: unqualified call to 'std::move' [-Wunqualified-std-cast-call]
     /data/gannet/ripley/R/packages/tests-clang/elbird/Kiwi/src/Combiner.cpp:421:15: warning: unqualified call to 'std::move' [-Wunqualified-std-cast-call]
     /data/gannet/ripley/R/packages/tests-clang/elbird/Kiwi/src/Combiner.cpp:422:20: warning: unqualified call to 'std::move' [-Wunqualified-std-cast-call]
     /data/gannet/ripley/R/packages/tests-clang/elbird/Kiwi/src/Combiner.cpp:423:18: warning: unqualified call to 'std::move' [-Wunqualified-std-cast-call]
     /data/gannet/ripley/R/packages/tests-clang/elbird/Kiwi/src/Combiner.cpp:424:24: warning: unqualified call to 'std::move' [-Wunqualified-std-cast-call]
     /data/gannet/ripley/R/packages/tests-clang/elbird/Kiwi/src/Kiwi.cpp:301:49: warning: unqualified call to 'std::move' [-Wunqualified-std-cast-call]
     /data/gannet/ripley/R/packages/tests-clang/elbird/Kiwi/src/Kiwi.cpp:706:78: warning: unqualified call to 'std::move' [-Wunqualified-std-cast-call]
     /data/gannet/ripley/R/packages/tests-clang/elbird/Kiwi/src/Kiwi.cpp:708:16: warning: unqualified call to 'std::move' [-Wunqualified-std-cast-call]
     /data/gannet/ripley/R/packages/tests-clang/elbird/Kiwi/src/Kiwi.cpp:327:28: warning: unqualified call to 'std::move' [-Wunqualified-std-cast-call]
     /data/gannet/ripley/R/packages/tests-clang/elbird/Kiwi/src/KiwiBuilder.cpp:154:16: warning: unqualified call to 'std::move' [-Wunqualified-std-cast-call]
     /data/gannet/ripley/R/packages/tests-clang/elbird/Kiwi/src/KiwiBuilder.cpp:190:16: warning: unqualified call to 'std::move' [-Wunqualified-std-cast-call]
     /data/gannet/ripley/R/packages/tests-clang/elbird/Kiwi/src/KiwiBuilder.cpp:200:17: warning: unqualified call to 'std::move' [-Wunqualified-std-cast-call]
     /data/gannet/ripley/R/packages/tests-clang/elbird/Kiwi/src/KiwiBuilder.cpp:204:32: warning: unqualified call to 'std::move' [-Wunqualified-std-cast-call]
     /data/gannet/ripley/R/packages/tests-clang/elbird/Kiwi/src/KiwiBuilder.cpp:275:26: warning: unqualified call to 'std::move' [-Wunqualified-std-cast-call]
     /data/gannet/ripley/R/packages/tests-clang/elbird/Kiwi/src/KiwiBuilder.cpp:282:22: warning: unqualified call to 'std::move' [-Wunqualified-std-cast-call]
     /data/gannet/ripley/R/packages/tests-clang/elbird/Kiwi/src/KiwiBuilder.cpp:1026:23: warning: unqualified call to 'std::move' [-Wunqualified-std-cast-call]
     /data/gannet/ripley/R/packages/tests-clang/elbird/Kiwi/src/Knlm.hpp:1170:86: warning: unqualified call to 'std::move' [-Wunqualified-std-cast-call]
     /data/gannet/ripley/R/packages/tests-clang/elbird/Kiwi/src/Knlm.hpp:1174:87: warning: unqualified call to 'std::move' [-Wunqualified-std-cast-call]
     /data/gannet/ripley/R/packages/tests-clang/elbird/Kiwi/src/Knlm.hpp:1178:87: warning: unqualified call to 'std::move' [-Wunqualified-std-cast-call]
     /data/gannet/ripley/R/packages/tests-clang/elbird/Kiwi/src/Knlm.hpp:1182:87: warning: unqualified call to 'std::move' [-Wunqualified-std-cast-call]
     /data/gannet/ripley/R/packages/tests-clang/elbird/Kiwi/src/KTrie.cpp:18:21: warning: unqualified call to 'std::forward' [-Wunqualified-std-cast-call]
     /data/gannet/ripley/R/packages/tests-clang/elbird/Kiwi/third_party/mimalloc/include/mimalloc-internal.h:56:26: warning: a function declaration without a prototype is deprecated in all versions of C [-Wstrict-prototypes]
     /data/gannet/ripley/R/packages/tests-clang/elbird/Kiwi/third_party/mimalloc/src/os.c:93:24: warning: a function declaration without a prototype is deprecated in all versions of C [-Wstrict-prototypes]
     /data/gannet/ripley/R/packages/tests-clang/elbird/Kiwi/third_party/mimalloc/src/os.c:98:30: warning: a function declaration without a prototype is deprecated in all versions of C [-Wstrict-prototypes]
     /data/gannet/ripley/R/packages/tests-clang/elbird/Kiwi/third_party/mimalloc/src/os.c:217:17: warning: a function declaration without a prototype is deprecated in all versions of C [-Wstrict-prototypes]
     /data/gannet/ripley/R/packages/tests-clang/elbird/Kiwi/third_party/mimalloc/src/region.c:43:31: warning: a function declaration without a prototype is deprecated in all versions of C [-Wstrict-prototypes]
     /data/gannet/ripley/R/packages/tests-clang/elbird/Kiwi/third_party/mimalloc/src/alloc.c:750:26: warning: a function declaration without a prototype is deprecated in all versions of C [-Wstrict-prototypes]
     /data/gannet/ripley/R/packages/tests-clang/elbird/Kiwi/third_party/mimalloc/src/alloc.c:810:34: warning: a function declaration without a prototype is deprecated in all versions of C [-Wstrict-prototypes]
     /data/gannet/ripley/R/packages/tests-clang/elbird/Kiwi/third_party/mimalloc/src/alloc.c:813:61: warning: a function declaration without a prototype is deprecated in all versions of C [-Wstrict-prototypes]
     /data/gannet/ripley/R/packages/tests-clang/elbird/Kiwi/third_party/mimalloc/src/alloc.c:816:44: warning: a function declaration without a prototype is deprecated in all versions of C [-Wstrict-prototypes]
     /data/gannet/ripley/R/packages/tests-clang/elbird/Kiwi/third_party/mimalloc/src/options.c:25:33: warning: a function declaration without a prototype is deprecated in all versions of C [-Wstrict-prototypes]
     /data/gannet/ripley/R/packages/tests-clang/elbird/Kiwi/third_party/mimalloc/src/options.c:245:33: warning: a function declaration without a prototype is deprecated in all versions of C [-Wstrict-prototypes]
     /data/gannet/ripley/R/packages/tests-clang/elbird/Kiwi/src/WordDetector.cpp:222:18: warning: unqualified call to 'std::move' [-Wunqualified-std-cast-call]
     /data/gannet/ripley/R/packages/tests-clang/elbird/Kiwi/src/WordDetector.cpp:280:24: warning: unqualified call to 'std::move' [-Wunqualified-std-cast-call]
     /data/gannet/ripley/R/packages/tests-clang/elbird/Kiwi/src/WordDetector.cpp:649:20: warning: unqualified call to 'std::move' [-Wunqualified-std-cast-call]
     /data/gannet/ripley/R/packages/tests-clang/elbird/Kiwi/src/capi/kiwi_c.cpp:31:54: warning: unqualified call to 'std::move' [-Wunqualified-std-cast-call]
     /data/gannet/ripley/R/packages/tests-clang/elbird/Kiwi/src/capi/kiwi_c.cpp:226:23: warning: unqualified call to 'std::move' [-Wunqualified-std-cast-call]
     /data/gannet/ripley/R/packages/tests-clang/elbird/Kiwi/src/capi/kiwi_c.cpp:255:23: warning: unqualified call to 'std::move' [-Wunqualified-std-cast-call]
     /data/gannet/ripley/R/packages/tests-clang/elbird/Kiwi/src/capi/kiwi_c.cpp:285:23: warning: unqualified call to 'std::move' [-Wunqualified-std-cast-call]
     /data/gannet/ripley/R/packages/tests-clang/elbird/Kiwi/src/capi/kiwi_c.cpp:314:23: warning: unqualified call to 'std::move' [-Wunqualified-std-cast-call]
     /data/gannet/ripley/R/packages/tests-clang/elbird/Kiwi/src/capi/kiwi_c.cpp:487:32: warning: unqualified call to 'std::move' [-Wunqualified-std-cast-call]
     /data/gannet/ripley/R/packages/tests-clang/elbird/Kiwi/src/capi/kiwi_c.cpp:515:32: warning: unqualified call to 'std::move' [-Wunqualified-std-cast-call]
     /data/gannet/ripley/R/packages/tests-clang/elbird/Kiwi/src/capi/kiwi_c.cpp:536:53: warning: unqualified call to 'std::move' [-Wunqualified-std-cast-call]
     /data/gannet/ripley/R/packages/tests-clang/elbird/Kiwi/src/capi/kiwi_c.cpp:537:23: warning: unqualified call to 'std::move' [-Wunqualified-std-cast-call]
     /data/gannet/ripley/R/packages/tests-clang/elbird/Kiwi/src/capi/kiwi_c.cpp:555:53: warning: unqualified call to 'std::move' [-Wunqualified-std-cast-call]
     /data/gannet/ripley/R/packages/tests-clang/elbird/Kiwi/src/capi/kiwi_c.cpp:556:23: warning: unqualified call to 'std::move' [-Wunqualified-std-cast-call]
    See ‘/data/gannet/ripley/R/packages/tests-clang/elbird.Rcheck/00install.out’ for details.
    * used C++ compiler: ‘clang version 15.0.7’
Flavor: r-devel-linux-x86_64-fedora-clang

Version: 0.2.5
Check: whether package can be installed
Result: WARN
    Found the following significant warnings:
     /data/gannet/ripley/R/packages/tests-devel/elbird/Kiwi/src/Kiwi.cpp:351:25: warning: ‘kiwi::MInfo::ownFormId’ will be initialized after [-Wreorder]
     /data/gannet/ripley/R/packages/tests-devel/elbird/Kiwi/src/Kiwi.cpp:346:26: warning: ‘uint32_t kiwi::MInfo::beginPos’ [-Wreorder]
     /data/gannet/ripley/R/packages/tests-devel/elbird/Kiwi/src/Kiwi.cpp:352:17: warning: when initialized here [-Wreorder]
     /data/gannet/ripley/R/packages/tests-devel/elbird/Kiwi/src/KiwiBuilder.cpp:39:105: warning: default argument specified for lambda parameter [-Wc++14-extensions]
     /data/gannet/ripley/R/packages/tests-devel/elbird/Kiwi/include/kiwi/Kiwi.h:376:29: warning: ‘kiwi::KiwiBuilder::options’ will be initialized after [-Wreorder]
     /data/gannet/ripley/R/packages/tests-devel/elbird/Kiwi/include/kiwi/Kiwi.h:375:24: warning: ‘size_t kiwi::KiwiBuilder::numThreads’ [-Wreorder]
     /data/gannet/ripley/R/packages/tests-devel/elbird/Kiwi/src/KiwiBuilder.cpp:323:1: warning: when initialized here [-Wreorder]
     /data/gannet/ripley/R/packages/tests-devel/elbird/Kiwi/third_party/cpp-btree/btree/btree.h:645:37: warning: array subscript ‘btree::btree_node<btree::btree_map_params<std::pair<short unsigned int, short unsigned int>, long unsigned int, std::less<std::pair<short unsigned int, short unsigned int> >, std::allocator<std::pair<const std::pair<short unsigned int, short unsigned int>, long unsigned int> >, 256> >[0]’ is partly outside array bounds of ‘unsigned char [504]’ [-Warray-bounds]
     /data/gannet/ripley/R/packages/tests-devel/elbird/Kiwi/third_party/cpp-btree/btree/btree.h:646:35: warning: array subscript ‘btree::btree_node<btree::btree_map_params<std::pair<short unsigned int, short unsigned int>, long unsigned int, std::less<std::pair<short unsigned int, short unsigned int> >, std::allocator<std::pair<const std::pair<short unsigned int, short unsigned int>, long unsigned int> >, 256> >[0]’ is partly outside array bounds of ‘unsigned char [504]’ [-Warray-bounds]
     /data/gannet/ripley/R/packages/tests-devel/elbird/Kiwi/third_party/cpp-btree/btree/btree.h:645:37: warning: array subscript ‘btree::btree_node<btree::btree_map_params<short unsigned int, int, std::less<short unsigned int>, std::allocator<std::pair<const short unsigned int, int> >, 256> >[0]’ is partly outside array bounds of ‘unsigned char [664]’ [-Warray-bounds]
     /data/gannet/ripley/R/packages/tests-devel/elbird/Kiwi/third_party/cpp-btree/btree/btree.h:646:35: warning: array subscript ‘btree::btree_node<btree::btree_map_params<short unsigned int, int, std::less<short unsigned int>, std::allocator<std::pair<const short unsigned int, int> >, 256> >[0]’ is partly outside array bounds of ‘unsigned char [664]’ [-Warray-bounds]
     /data/gannet/ripley/R/packages/tests-devel/elbird/Kiwi/third_party/cpp-btree/btree/btree.h:645:37: warning: array subscript ‘btree::btree_node<btree::btree_map_params<char16_t, int, std::less<char16_t>, std::allocator<std::pair<const char16_t, int> >, 256> >[0]’ is partly outside array bounds of ‘unsigned char [664]’ [-Warray-bounds]
     /data/gannet/ripley/R/packages/tests-devel/elbird/Kiwi/third_party/cpp-btree/btree/btree.h:646:35: warning: array subscript ‘btree::btree_node<btree::btree_map_params<char16_t, int, std::less<char16_t>, std::allocator<std::pair<const char16_t, int> >, 256> >[0]’ is partly outside array bounds of ‘unsigned char [664]’ [-Warray-bounds]
     /data/gannet/ripley/R/packages/tests-devel/elbird/Kiwi/src/KTrie.cpp:53:37: warning: default argument specified for lambda parameter [-Wc++14-extensions]
     /data/gannet/ripley/R/packages/tests-devel/elbird/Kiwi/src/KTrie.cpp:53:63: warning: default argument specified for lambda parameter [-Wc++14-extensions]
     /data/gannet/ripley/R/packages/tests-devel/elbird/Kiwi/src/pattern.hpp:144:78: warning: array subscript 0 is outside array bounds of ‘PatternMatcherImpl [1]’ [-Warray-bounds]
     /data/gannet/ripley/R/packages/tests-devel/elbird/Kiwi/third_party/mimalloc/include/mimalloc-internal.h:56:1: warning: function declaration isn’t a prototype [-Wstrict-prototypes]
     /data/gannet/ripley/R/packages/tests-devel/elbird/Kiwi/third_party/mimalloc/src/os.c:98:8: warning: function declaration isn’t a prototype [-Wstrict-prototypes]
     /data/gannet/ripley/R/packages/tests-devel/elbird/Kiwi/third_party/mimalloc/src/region.c:43:1: warning: function declaration isn’t a prototype [-Wstrict-prototypes]
     /data/gannet/ripley/R/packages/tests-devel/elbird/Kiwi/third_party/mimalloc/src/alloc.c:750:15: warning: function declaration isn’t a prototype [-Wstrict-prototypes]
     /data/gannet/ripley/R/packages/tests-devel/elbird/Kiwi/third_party/mimalloc/src/alloc.c:810:1: warning: function declaration isn’t a prototype [-Wstrict-prototypes]
     /data/gannet/ripley/R/packages/tests-devel/elbird/Kiwi/third_party/mimalloc/src/alloc.c:813:39: warning: function declaration isn’t a prototype [-Wstrict-prototypes]
     /data/gannet/ripley/R/packages/tests-devel/elbird/Kiwi/third_party/mimalloc/src/alloc.c:816:26: warning: function declaration isn’t a prototype [-Wstrict-prototypes]
     /data/gannet/ripley/R/packages/tests-devel/elbird/Kiwi/third_party/mimalloc/src/options.c:25:1: warning: function declaration isn’t a prototype [-Wstrict-prototypes]
     /data/gannet/ripley/R/packages/tests-devel/elbird/Kiwi/third_party/mimalloc/src/options.c:245:13: warning: function declaration isn’t a prototype [-Wstrict-prototypes]
    See ‘/data/gannet/ripley/R/packages/tests-devel/elbird.Rcheck/00install.out’ for details.
    * used C++ compiler: ‘g++ (GCC) 12.2.1 20221121 (Red Hat 12.2.1-4)’
Flavor: r-devel-linux-x86_64-fedora-gcc