CRAN Package Check Results for Package eigeninv

Last updated on 2021-06-17 09:51:43 CEST.

Flavor Version Tinstall Tcheck Ttotal Status Flags
r-devel-linux-x86_64-debian-clang 2011.8-1 1.82 20.39 22.21 NOTE
r-devel-linux-x86_64-debian-gcc 2011.8-1 1.48 16.24 17.72 NOTE
r-devel-linux-x86_64-fedora-clang 2011.8-1 36.49 NOTE
r-devel-linux-x86_64-fedora-gcc 2011.8-1 26.07 NOTE
r-devel-windows-x86_64 2011.8-1 3.00 31.00 34.00 NOTE
r-devel-windows-x86_64-gcc10-UCRT 2011.8-1 NOTE
r-patched-linux-x86_64 2011.8-1 1.81 19.98 21.79 NOTE
r-patched-solaris-x86 2011.8-1 42.20 NOTE
r-release-linux-x86_64 2011.8-1 1.55 19.94 21.49 NOTE
r-release-macos-arm64 2011.8-1 NOTE
r-release-macos-x86_64 2011.8-1 NOTE
r-release-windows-ix86+x86_64 2011.8-1 3.00 23.00 26.00 NOTE
r-oldrel-macos-x86_64 2011.8-1 NOTE
r-oldrel-windows-ix86+x86_64 2011.8-1 4.00 24.00 28.00 NOTE

Check Details

Version: 2011.8-1
Check: R code for possible problems
Result: NOTE
    eiginv: no visible global function definition for 'runif'
    Undefined global functions or variables:
     runif
    Consider adding
     importFrom("stats", "runif")
    to your NAMESPACE file.
Flavors: r-devel-linux-x86_64-debian-clang, r-devel-linux-x86_64-debian-gcc, r-devel-linux-x86_64-fedora-clang, r-devel-linux-x86_64-fedora-gcc, r-devel-windows-x86_64, r-devel-windows-x86_64-gcc10-UCRT, r-patched-linux-x86_64, r-patched-solaris-x86, r-release-linux-x86_64, r-release-macos-arm64, r-release-macos-x86_64, r-release-windows-ix86+x86_64, r-oldrel-macos-x86_64, r-oldrel-windows-ix86+x86_64