CRAN Package Check Results for Package eiPack

Last updated on 2021-09-18 05:02:30 CEST.

Flavor Version Tinstall Tcheck Ttotal Status Flags
r-devel-linux-x86_64-debian-clang 0.2-1 9.14 41.79 50.93 OK
r-devel-linux-x86_64-debian-gcc 0.2-1 6.06 31.76 37.82 OK
r-devel-linux-x86_64-fedora-clang 0.2-1 68.69 OK
r-devel-linux-x86_64-fedora-gcc 0.2-1 58.20 OK
r-devel-windows-x86_64 0.2-1 10.00 56.00 66.00 OK
r-devel-windows-x86_64-gcc10-UCRT 0.2-1 ERROR
r-patched-linux-x86_64 0.2-1 8.01 40.63 48.64 OK
r-patched-solaris-x86 0.2-1 80.90 OK
r-release-linux-x86_64 0.2-1 7.63 40.42 48.05 OK
r-release-macos-arm64 0.2-1 OK
r-release-macos-x86_64 0.2-1 OK
r-release-windows-ix86+x86_64 0.2-1 19.00 50.00 69.00 OK
r-oldrel-macos-x86_64 0.2-1 OK
r-oldrel-windows-ix86+x86_64 0.2-1 22.00 50.00 72.00 OK

Check Details

Version: 0.2-1
Check: PDF version of manual
Result: WARN
    LaTeX errors when creating PDF version.
    This typically indicates Rd problems.
    LaTeX errors found:
Flavor: r-devel-windows-x86_64-gcc10-UCRT

Version: 0.2-1
Check: PDF version of manual without hyperrefs or index
Result: ERROR
    Re-running with no redirection of stdout/stderr.
Flavor: r-devel-windows-x86_64-gcc10-UCRT