CRAN Package Check Results for Package eggCounts

Last updated on 2022-07-06 17:49:03 CEST.

Flavor Version Tinstall Tcheck Ttotal Status Flags
r-devel-linux-x86_64-debian-clang 2.3-2 810.69 163.30 973.99 NOTE
r-devel-linux-x86_64-debian-gcc 2.3-2 774.64 152.68 927.32 NOTE
r-devel-linux-x86_64-fedora-clang 2.3-2 1427.62 NOTE
r-devel-linux-x86_64-fedora-gcc 2.3-2 1588.07 NOTE
r-devel-windows-x86_64 2.3-2 562.00 266.00 828.00 NOTE
r-patched-linux-x86_64 2.3-2 601.02 202.55 803.57 NOTE
r-release-linux-x86_64 2.3-2 619.32 200.75 820.07 NOTE
r-release-macos-arm64 2.3-2 352.00 NOTE
r-release-macos-x86_64 2.3-2 706.00 NOTE
r-release-windows-x86_64 2.3-2 2204.00 266.00 2470.00 NOTE
r-oldrel-macos-arm64 2.3-2 273.00 NOTE
r-oldrel-macos-x86_64 2.3-2 467.00 NOTE
r-oldrel-windows-ix86+x86_64 2.3-2 1045.00 10.00 1055.00 ERROR

Check Details

Version: 2.3-2
Check: package dependencies
Result: NOTE
    Package suggested but not available for checking: 'eggCountsExtra'
Flavors: r-devel-linux-x86_64-debian-clang, r-devel-linux-x86_64-debian-gcc, r-devel-linux-x86_64-fedora-clang, r-devel-linux-x86_64-fedora-gcc, r-devel-windows-x86_64, r-patched-linux-x86_64, r-release-linux-x86_64, r-release-macos-arm64, r-release-macos-x86_64, r-release-windows-x86_64, r-oldrel-macos-arm64, r-oldrel-macos-x86_64, r-oldrel-windows-ix86+x86_64

Version: 2.3-2
Check: for GNU extensions in Makefiles
Result: NOTE
    GNU make is a SystemRequirements.
Flavors: r-devel-linux-x86_64-debian-clang, r-devel-linux-x86_64-debian-gcc, r-devel-linux-x86_64-fedora-clang, r-devel-linux-x86_64-fedora-gcc, r-devel-windows-x86_64, r-patched-linux-x86_64, r-release-linux-x86_64, r-release-macos-arm64, r-release-macos-x86_64, r-release-windows-x86_64, r-oldrel-macos-arm64, r-oldrel-macos-x86_64

Version: 2.3-2
Check: installed package size
Result: NOTE
     installed size is 73.1Mb
     sub-directories of 1Mb or more:
     libs 72.4Mb
Flavors: r-devel-linux-x86_64-fedora-clang, r-devel-windows-x86_64, r-release-macos-arm64, r-release-macos-x86_64, r-release-windows-x86_64, r-oldrel-macos-arm64, r-oldrel-macos-x86_64

Version: 2.3-2
Check: whether package can be installed
Result: ERROR
    Installation failed.
Flavor: r-oldrel-windows-ix86+x86_64