Last updated on 2022-08-19 09:52:12 CEST.
Flavor | Version | Tinstall | Tcheck | Ttotal | Status | Flags |
---|---|---|---|---|---|---|
r-devel-linux-x86_64-debian-clang | 1.0.2 | 4.91 | 48.00 | 52.91 | OK | |
r-devel-linux-x86_64-debian-gcc | 1.0.2 | 4.07 | 37.11 | 41.18 | OK | |
r-devel-linux-x86_64-fedora-clang | 1.0.2 | 73.73 | NOTE | |||
r-devel-linux-x86_64-fedora-gcc | 1.0.2 | 73.22 | NOTE | |||
r-devel-windows-x86_64 | 1.0.2 | 17.00 | 79.00 | 96.00 | OK | |
r-patched-linux-x86_64 | 1.0.2 | 8.99 | 46.44 | 55.43 | OK | |
r-release-linux-x86_64 | 1.0.2 | OK | ||||
r-release-macos-arm64 | 1.0.2 | 22.00 | NOTE | |||
r-release-macos-x86_64 | 1.0.2 | 45.00 | NOTE | |||
r-release-windows-x86_64 | 1.0.2 | 20.00 | 81.00 | 101.00 | OK | |
r-oldrel-macos-arm64 | 1.0.2 | 26.00 | NOTE | |||
r-oldrel-macos-x86_64 | 1.0.2 | 43.00 | NOTE | |||
r-oldrel-windows-ix86+x86_64 | 1.0.2 | 12.00 | 74.00 | 86.00 | OK |
Version: 1.0.2
Check: dependencies in R code
Result: NOTE
Namespace in Imports field not imported from: ‘rmarkdown’
All declared Imports should be used.
Flavors: r-devel-linux-x86_64-fedora-clang, r-devel-linux-x86_64-fedora-gcc, r-release-macos-arm64, r-release-macos-x86_64, r-oldrel-macos-arm64, r-oldrel-macos-x86_64