Last updated on 2022-07-03 17:52:03 CEST.
Flavor | Version | Tinstall | Tcheck | Ttotal | Status | Flags |
---|---|---|---|---|---|---|
r-devel-linux-x86_64-debian-clang | 0.3.1 | 36.89 | 91.42 | 128.31 | WARN | |
r-devel-linux-x86_64-debian-gcc | 0.3.1 | 30.05 | 68.54 | 98.59 | OK | |
r-devel-linux-x86_64-fedora-clang | 0.3.1 | 172.23 | WARN | |||
r-devel-linux-x86_64-fedora-gcc | 0.3.1 | 161.89 | NOTE | |||
r-devel-windows-x86_64 | 0.3.1 | 44.00 | 130.00 | 174.00 | OK | |
r-patched-linux-x86_64 | 0.3.1 | 29.93 | 87.25 | 117.18 | OK | |
r-release-linux-x86_64 | 0.3.1 | 33.18 | 85.71 | 118.89 | OK | |
r-release-macos-arm64 | 0.3.1 | 49.00 | NOTE | |||
r-release-macos-x86_64 | 0.3.1 | 66.00 | NOTE | |||
r-release-windows-x86_64 | 0.3.1 | 46.00 | 132.00 | 178.00 | OK | |
r-oldrel-macos-arm64 | 0.3.1 | 37.00 | NOTE | |||
r-oldrel-macos-x86_64 | 0.3.1 | 62.00 | NOTE | |||
r-oldrel-windows-ix86+x86_64 | 0.3.1 | 86.00 | 160.00 | 246.00 | OK |
Version: 0.3.1
Check: whether package can be installed
Result: WARN
Found the following significant warnings:
forceBundle.cpp:14:6: warning: use of bitwise '&' with boolean operands [-Wbitwise-instead-of-logical]
forceBundle.cpp:269:8: warning: use of bitwise '|' with boolean operands [-Wbitwise-instead-of-logical]
Flavors: r-devel-linux-x86_64-debian-clang, r-devel-linux-x86_64-fedora-clang
Version: 0.3.1
Check: data for non-ASCII characters
Result: NOTE
Note: found 22 marked UTF-8 strings
Flavors: r-devel-linux-x86_64-fedora-clang, r-devel-linux-x86_64-fedora-gcc, r-release-macos-arm64, r-release-macos-x86_64, r-oldrel-macos-arm64, r-oldrel-macos-x86_64