CRAN Package Check Results for Package ecoval

Last updated on 2021-09-20 16:50:27 CEST.

Flavor Version Tinstall Tcheck Ttotal Status Flags
r-devel-linux-x86_64-debian-clang 1.2.7 17.99 81.22 99.21 OK
r-devel-linux-x86_64-debian-gcc 1.2.7 11.80 58.28 70.08 OK
r-devel-linux-x86_64-fedora-clang 1.2.7 120.83 NOTE
r-devel-linux-x86_64-fedora-gcc 1.2.7 110.53 NOTE
r-devel-windows-x86_64 1.2.7 16.00 68.00 84.00 OK
r-devel-windows-x86_64-gcc10-UCRT 1.2.7 ERROR
r-patched-linux-x86_64 1.2.7 16.14 78.27 94.41 OK
r-patched-solaris-x86 1.2.7 133.50 NOTE
r-release-linux-x86_64 1.2.7 14.75 76.89 91.64 OK
r-release-macos-arm64 1.2.7 NOTE
r-release-macos-x86_64 1.2.7 NOTE
r-release-windows-ix86+x86_64 1.2.7 25.00 65.00 90.00 OK
r-oldrel-macos-x86_64 1.2.7 NOTE
r-oldrel-windows-ix86+x86_64 1.2.7 19.00 96.00 115.00 OK

Check Details

Version: 1.2.7
Check: data for non-ASCII characters
Result: NOTE
     Note: found 5 marked UTF-8 strings
Flavors: r-devel-linux-x86_64-fedora-clang, r-devel-linux-x86_64-fedora-gcc, r-devel-windows-x86_64-gcc10-UCRT, r-patched-solaris-x86, r-release-macos-arm64, r-release-macos-x86_64, r-oldrel-macos-x86_64

Version: 1.2.7
Check: whether package can be installed
Result: WARN
    Found the following significant warnings:
     WARNING: installation-time patches will not be applied, could not get the patches index
Flavor: r-devel-windows-x86_64-gcc10-UCRT

Version: 1.2.7
Check: PDF version of manual
Result: WARN
    LaTeX errors when creating PDF version.
    This typically indicates Rd problems.
Flavor: r-devel-windows-x86_64-gcc10-UCRT

Version: 1.2.7
Check: PDF version of manual without hyperrefs or index
Result: ERROR
    Re-running with no redirection of stdout/stderr.
Flavor: r-devel-windows-x86_64-gcc10-UCRT