CRAN Package Check Results for Package economiccomplexity

Last updated on 2022-07-01 17:54:06 CEST.

Flavor Version Tinstall Tcheck Ttotal Status Flags
r-devel-linux-x86_64-debian-clang 1.1 9.95 156.16 166.11 OK
r-devel-linux-x86_64-debian-gcc 1.1 8.04 122.55 130.59 OK
r-devel-linux-x86_64-fedora-clang 1.1 209.36 NOTE
r-devel-linux-x86_64-fedora-gcc 1.1 207.75 NOTE
r-devel-windows-x86_64 1.1 86.00 194.00 280.00 OK
r-patched-linux-x86_64 1.1 8.93 150.91 159.84 OK
r-release-linux-x86_64 1.1 9.07 152.44 161.51 OK
r-release-macos-arm64 1.1 65.00 NOTE
r-release-macos-x86_64 1.1 96.00 NOTE
r-release-windows-x86_64 1.1 88.00 208.00 296.00 OK
r-oldrel-macos-arm64 1.1 80.00 NOTE
r-oldrel-macos-x86_64 1.1 139.00 NOTE
r-oldrel-windows-ix86+x86_64 1.1 19.00 142.00 161.00 OK

Check Details

Version: 1.1
Check: dependencies in R code
Result: NOTE
    Namespace in Imports field not imported from: ‘Rdpack’
     All declared Imports should be used.
Flavors: r-devel-linux-x86_64-fedora-clang, r-devel-linux-x86_64-fedora-gcc, r-release-macos-arm64, r-release-macos-x86_64, r-oldrel-macos-arm64, r-oldrel-macos-x86_64