CRAN Package Check Results for Package econetwork

Last updated on 2021-10-24 16:54:01 CEST.

Flavor Version Tinstall Tcheck Ttotal Status Flags
r-devel-linux-x86_64-debian-clang 0.6.0 53.34 124.91 178.25 OK
r-devel-linux-x86_64-debian-gcc 0.6.0 41.32 92.84 134.16 OK
r-devel-linux-x86_64-fedora-clang 0.6.0 242.43 NOTE
r-devel-linux-x86_64-fedora-gcc 0.6.0 221.31 OK
r-devel-windows-x86_64 0.6.0 50.00 161.00 211.00 OK
r-devel-windows-x86_64-gcc10-UCRT 0.6.0 OK
r-patched-linux-x86_64 0.6.0 45.06 117.99 163.05 OK
r-patched-solaris-x86 0.6.0 258.80 OK
r-release-linux-x86_64 0.6.0 45.32 118.18 163.50 OK
r-release-macos-arm64 0.5.1 NOTE
r-release-macos-x86_64 0.6.0 NOTE
r-release-windows-ix86+x86_64 0.5.1 99.00 189.00 288.00 OK
r-oldrel-macos-x86_64 0.6.0 NOTE
r-oldrel-windows-ix86+x86_64 0.6.0 97.00 162.00 259.00 OK

Check Details

Version: 0.6.0
Check: installed package size
Result: NOTE
     installed size is 8.7Mb
     sub-directories of 1Mb or more:
     libs 8.5Mb
Flavors: r-devel-linux-x86_64-fedora-clang, r-release-macos-x86_64, r-oldrel-macos-x86_64

Version: 0.5.1
Check: installed package size
Result: NOTE
     installed size is 11.7Mb
     sub-directories of 1Mb or more:
     libs 11.6Mb
Flavor: r-release-macos-arm64