CRAN Package Check Results for Package easypackages

Last updated on 2021-07-29 07:49:27 CEST.

Flavor Version Tinstall Tcheck Ttotal Status Flags
r-devel-linux-x86_64-debian-clang 0.1.0 NOTE
r-devel-linux-x86_64-debian-gcc 0.1.0 4.81 38.61 43.42 NOTE
r-devel-linux-x86_64-fedora-clang 0.1.0 81.11 NOTE
r-devel-linux-x86_64-fedora-gcc 0.1.0 67.46 NOTE
r-devel-windows-x86_64 0.1.0 32.00 70.00 102.00 NOTE
r-devel-windows-x86_64-gcc10-UCRT 0.1.0 NOTE
r-patched-linux-x86_64 0.1.0 6.06 50.09 56.15 NOTE
r-patched-solaris-x86 0.1.0 95.20 NOTE
r-release-linux-x86_64 0.1.0 6.67 51.65 58.32 NOTE
r-release-macos-arm64 0.1.0 NOTE
r-release-macos-x86_64 0.1.0 NOTE
r-release-windows-ix86+x86_64 0.1.0 15.00 87.00 102.00 NOTE
r-oldrel-macos-x86_64 0.1.0 OK
r-oldrel-windows-ix86+x86_64 0.1.0 30.00 67.00 97.00 OK

Check Details

Version: 0.1.0
Check: LazyData
Result: NOTE
     'LazyData' is specified without a 'data' directory
Flavors: r-devel-linux-x86_64-debian-clang, r-devel-linux-x86_64-debian-gcc, r-devel-linux-x86_64-fedora-clang, r-devel-linux-x86_64-fedora-gcc, r-devel-windows-x86_64, r-devel-windows-x86_64-gcc10-UCRT, r-patched-linux-x86_64, r-patched-solaris-x86, r-release-linux-x86_64, r-release-macos-arm64, r-release-macos-x86_64, r-release-windows-ix86+x86_64