CRAN Package Check Results for Package easyalluvial

Last updated on 2021-07-30 19:50:06 CEST.

Flavor Version Tinstall Tcheck Ttotal Status Flags
r-devel-linux-x86_64-debian-clang 0.3.0 OK
r-devel-linux-x86_64-debian-gcc 0.3.0 11.82 183.01 194.83 OK
r-devel-linux-x86_64-fedora-clang 0.3.0 325.20 NOTE
r-devel-linux-x86_64-fedora-gcc 0.3.0 300.63 NOTE
r-devel-windows-x86_64 0.3.0 28.00 270.00 298.00 OK
r-devel-windows-x86_64-gcc10-UCRT 0.3.0 NOTE
r-patched-linux-x86_64 0.3.0 OK
r-patched-solaris-x86 0.3.0 384.20 NOTE
r-release-linux-x86_64 0.3.0 16.60 231.96 248.56 OK
r-release-macos-arm64 0.3.0 NOTE
r-release-macos-x86_64 0.3.0 NOTE
r-release-windows-ix86+x86_64 0.3.0 35.00 286.00 321.00 OK
r-oldrel-macos-x86_64 0.3.0 NOTE
r-oldrel-windows-ix86+x86_64 0.3.0 28.00 320.00 348.00 OK

Check Details

Version: 0.3.0
Check: dependencies in R code
Result: NOTE
    Namespace in Imports field not imported from: ‘progress’
     All declared Imports should be used.
Flavors: r-devel-linux-x86_64-fedora-clang, r-devel-linux-x86_64-fedora-gcc, r-devel-windows-x86_64-gcc10-UCRT, r-patched-solaris-x86, r-release-macos-arm64, r-release-macos-x86_64, r-oldrel-macos-x86_64