CRAN Package Check Results for Package easyPSID

Last updated on 2021-07-29 07:49:27 CEST.

Flavor Version Tinstall Tcheck Ttotal Status Flags
r-devel-linux-x86_64-debian-clang 0.1.1 NOTE
r-devel-linux-x86_64-debian-gcc 0.1.1 4.05 32.41 36.46 NOTE
r-devel-linux-x86_64-fedora-clang 0.1.1 64.01 NOTE
r-devel-linux-x86_64-fedora-gcc 0.1.1 53.53 NOTE
r-devel-windows-x86_64 0.1.1 6.00 64.00 70.00 NOTE
r-devel-windows-x86_64-gcc10-UCRT 0.1.1 NOTE
r-patched-linux-x86_64 0.1.1 4.20 39.23 43.43 NOTE
r-patched-solaris-x86 0.1.1 94.80 NOTE
r-release-linux-x86_64 0.1.1 4.45 40.96 45.41 NOTE
r-release-macos-arm64 0.1.1 NOTE
r-release-macos-x86_64 0.1.1 NOTE
r-release-windows-ix86+x86_64 0.1.1 11.00 73.00 84.00 NOTE
r-oldrel-macos-x86_64 0.1.1 OK
r-oldrel-windows-ix86+x86_64 0.1.1 10.00 58.00 68.00 OK

Check Details

Version: 0.1.1
Check: LazyData
Result: NOTE
     'LazyData' is specified without a 'data' directory
Flavors: r-devel-linux-x86_64-debian-clang, r-devel-linux-x86_64-debian-gcc, r-devel-linux-x86_64-fedora-clang, r-devel-linux-x86_64-fedora-gcc, r-devel-windows-x86_64, r-devel-windows-x86_64-gcc10-UCRT, r-patched-linux-x86_64, r-patched-solaris-x86, r-release-linux-x86_64, r-release-macos-arm64, r-release-macos-x86_64, r-release-windows-ix86+x86_64