CRAN Package Check Results for Package earthtide

Last updated on 2022-01-20 00:49:52 CET.

Flavor Version Tinstall Tcheck Ttotal Status Flags
r-devel-linux-x86_64-debian-clang 0.0.11 OK
r-devel-linux-x86_64-debian-gcc 0.0.11 39.37 82.84 122.21 OK
r-devel-linux-x86_64-fedora-clang 0.0.11 219.79 OK
r-devel-linux-x86_64-fedora-gcc 0.0.11 204.76 OK
r-devel-windows-x86_64-new-UL 0.0.11 64.00 139.00 203.00 OK
r-devel-windows-x86_64-new-TK 0.0.11 OK
r-patched-linux-x86_64 0.0.11 46.86 103.69 150.55 OK
r-release-linux-x86_64 0.0.11 OK
r-release-macos-arm64 0.0.11 NOTE
r-release-macos-x86_64 0.0.11 NOTE
r-release-windows-ix86+x86_64 0.0.11 116.00 177.00 293.00 OK
r-oldrel-macos-x86_64 0.0.11 NOTE
r-oldrel-windows-ix86+x86_64 0.0.11 115.00 182.00 297.00 OK

Check Details

Version: 0.0.11
Check: installed package size
Result: NOTE
     installed size is 7.3Mb
     sub-directories of 1Mb or more:
     R 2.1Mb
     libs 4.8Mb
Flavors: r-release-macos-arm64, r-release-macos-x86_64, r-oldrel-macos-x86_64