CRAN Package Check Results for Package eSDM

Last updated on 2021-09-18 05:02:30 CEST.

Flavor Version Tinstall Tcheck Ttotal Status Flags
r-devel-linux-x86_64-debian-clang 0.3.7 10.00 335.76 345.76 OK
r-devel-linux-x86_64-debian-gcc 0.3.7 6.97 226.11 233.08 OK
r-devel-linux-x86_64-fedora-clang 0.3.7 384.53 OK
r-devel-linux-x86_64-fedora-gcc 0.3.7 386.23 OK
r-devel-windows-x86_64 0.3.7 12.00 371.00 383.00 OK
r-devel-windows-x86_64-gcc10-UCRT 0.3.7 OK
r-patched-linux-x86_64 0.3.7 8.43 310.62 319.05 OK
r-patched-solaris-x86 0.3.7 564.80 NOTE
r-release-linux-x86_64 0.3.7 9.31 307.79 317.10 OK
r-release-macos-arm64 0.3.7 OK
r-release-macos-x86_64 0.3.7 OK
r-release-windows-ix86+x86_64 0.3.7 20.00 306.00 326.00 OK
r-oldrel-macos-x86_64 0.3.7 OK
r-oldrel-windows-ix86+x86_64 0.3.7 22.00 411.00 433.00 OK

Check Details

Version: 0.3.7
Check: installed package size
Result: NOTE
     installed size is 5.0Mb
     sub-directories of 1Mb or more:
     extdata 1.7Mb
     shiny 2.1Mb
Flavor: r-patched-solaris-x86