CRAN Package Check Results for Package dynprog

Last updated on 2021-11-29 23:50:36 CET.

Flavor Version Tinstall Tcheck Ttotal Status Flags
r-devel-linux-x86_64-debian-clang 0.1.1 2.12 21.26 23.38 NOTE
r-devel-linux-x86_64-debian-gcc 0.1.1 1.51 17.04 18.55 NOTE
r-devel-linux-x86_64-fedora-clang 0.1.1 40.37 NOTE
r-devel-linux-x86_64-fedora-gcc 0.1.1 29.41 NOTE
r-devel-windows-x86_64-new-UL 0.1.1 6.00 55.00 61.00 NOTE
r-devel-windows-x86_64-new-TK 0.1.1 NOTE
r-devel-windows-x86_64-old 0.1.1 4.00 29.00 33.00 NOTE
r-patched-linux-x86_64 0.1.1 1.79 20.47 22.26 NOTE
r-patched-solaris-x86 0.1.1 45.80 NOTE
r-release-linux-x86_64 0.1.1 1.65 20.78 22.43 NOTE
r-release-macos-arm64 0.1.1 NOTE
r-release-macos-x86_64 0.1.1 NOTE
r-release-windows-ix86+x86_64 0.1.1 6.00 30.00 36.00 NOTE
r-oldrel-macos-x86_64 0.1.1 OK
r-oldrel-windows-ix86+x86_64 0.1.1 4.00 33.00 37.00 OK

Check Details

Version: 0.1.1
Check: LazyData
Result: NOTE
     'LazyData' is specified without a 'data' directory
Flavors: r-devel-linux-x86_64-debian-clang, r-devel-linux-x86_64-debian-gcc, r-devel-linux-x86_64-fedora-clang, r-devel-linux-x86_64-fedora-gcc, r-devel-windows-x86_64-new-UL, r-devel-windows-x86_64-new-TK, r-devel-windows-x86_64-old, r-patched-linux-x86_64, r-patched-solaris-x86, r-release-linux-x86_64, r-release-macos-arm64, r-release-macos-x86_64, r-release-windows-ix86+x86_64