CRAN Package Check Results for Package dynparam

Last updated on 2021-08-01 19:51:24 CEST.

Flavor Version Tinstall Tcheck Ttotal Status Flags
r-devel-linux-x86_64-debian-clang 1.0.2 10.44 97.14 107.58 NOTE
r-devel-linux-x86_64-debian-gcc 1.0.2 8.66 72.12 80.78 NOTE
r-devel-linux-x86_64-fedora-clang 1.0.2 136.28 NOTE
r-devel-linux-x86_64-fedora-gcc 1.0.2 129.74 NOTE
r-devel-windows-x86_64 1.0.2 15.00 121.00 136.00 NOTE
r-devel-windows-x86_64-gcc10-UCRT 1.0.2 NOTE
r-patched-linux-x86_64 1.0.2 NOTE
r-patched-solaris-x86 1.0.2 186.40 NOTE
r-release-linux-x86_64 1.0.2 9.31 90.51 99.82 NOTE
r-release-macos-arm64 1.0.2 NOTE
r-release-macos-x86_64 1.0.2 NOTE
r-release-windows-ix86+x86_64 1.0.2 23.00 117.00 140.00 NOTE
r-oldrel-macos-x86_64 1.0.2 OK
r-oldrel-windows-ix86+x86_64 1.0.2 17.00 141.00 158.00 OK

Check Details

Version: 1.0.2
Check: LazyData
Result: NOTE
     'LazyData' is specified without a 'data' directory
Flavors: r-devel-linux-x86_64-debian-clang, r-devel-linux-x86_64-debian-gcc, r-devel-linux-x86_64-fedora-clang, r-devel-linux-x86_64-fedora-gcc, r-devel-windows-x86_64, r-devel-windows-x86_64-gcc10-UCRT, r-patched-linux-x86_64, r-patched-solaris-x86, r-release-linux-x86_64, r-release-macos-arm64, r-release-macos-x86_64, r-release-windows-ix86+x86_64