CRAN Package Check Results for Package dynlm

Last updated on 2021-05-10 05:47:39 CEST.

Flavor Version Tinstall Tcheck Ttotal Status Flags
r-devel-linux-x86_64-debian-clang 0.3-6 5.63 50.65 56.28 OK
r-devel-linux-x86_64-debian-gcc 0.3-6 4.63 38.32 42.95 OK
r-devel-linux-x86_64-fedora-clang 0.3-6 78.26 OK
r-devel-linux-x86_64-fedora-gcc 0.3-6 65.38 OK
r-devel-windows-ix86+x86_64 0.3-6 15.00 69.00 84.00 OK
r-devel-windows-x86_64-gcc10-UCRT 0.3-6 OK
r-patched-linux-x86_64 0.3-6 5.20 47.96 53.16 OK
r-patched-solaris-x86 0.3-6 101.50 OK
r-release-linux-x86_64 0.3-6 5.53 46.88 52.41 OK
r-release-macos-x86_64 0.3-6 NOTE
r-release-windows-ix86+x86_64 0.3-6 11.00 52.00 63.00 OK
r-oldrel-macos-x86_64 0.3-6 OK

Check Details

Version: 0.3-6
Check: package dependencies
Result: NOTE
    Package suggested but not available for checking: ‘TSA’
Flavor: r-release-macos-x86_64