Last updated on 2022-06-30 17:49:44 CEST.
Flavor | Version | Tinstall | Tcheck | Ttotal | Status | Flags |
---|---|---|---|---|---|---|
r-devel-linux-x86_64-debian-clang | 0.1.0 | 4.02 | 32.55 | 36.57 | OK | |
r-devel-linux-x86_64-debian-gcc | 0.1.0 | 3.05 | 25.75 | 28.80 | OK | |
r-devel-linux-x86_64-fedora-clang | 0.1.0 | 55.41 | NOTE | |||
r-devel-linux-x86_64-fedora-gcc | 0.1.0 | 56.18 | NOTE | |||
r-devel-windows-x86_64 | 0.1.0 | 44.00 | 57.00 | 101.00 | OK | |
r-patched-linux-x86_64 | 0.1.0 | 3.90 | 32.11 | 36.01 | OK | |
r-release-linux-x86_64 | 0.1.0 | 2.71 | 31.81 | 34.52 | OK | |
r-release-macos-arm64 | 0.1.0 | 20.00 | NOTE | |||
r-release-macos-x86_64 | 0.1.0 | 26.00 | NOTE | |||
r-release-windows-x86_64 | 0.1.0 | 54.00 | 56.00 | 110.00 | OK | |
r-oldrel-macos-arm64 | 0.1.0 | 26.00 | NOTE | |||
r-oldrel-macos-x86_64 | 0.1.0 | 36.00 | NOTE | |||
r-oldrel-windows-ix86+x86_64 | 0.1.0 | 7.00 | 50.00 | 57.00 | OK |
Version: 0.1.0
Check: dependencies in R code
Result: NOTE
Namespace in Imports field not imported from: ‘graphics’
All declared Imports should be used.
Flavors: r-devel-linux-x86_64-fedora-clang, r-devel-linux-x86_64-fedora-gcc, r-release-macos-arm64, r-release-macos-x86_64, r-oldrel-macos-arm64, r-oldrel-macos-x86_64