CRAN Package Check Results for Package dynaSpec

Last updated on 2021-09-24 04:51:39 CEST.

Flavor Version Tinstall Tcheck Ttotal Status Flags
r-devel-linux-x86_64-debian-clang 1.0.1 4.52 30.71 35.23 OK
r-devel-linux-x86_64-debian-gcc 1.0.1 3.16 23.88 27.04 OK
r-devel-linux-x86_64-fedora-clang 1.0.1 50.93 NOTE
r-devel-linux-x86_64-fedora-gcc 1.0.1 39.91 NOTE
r-devel-windows-x86_64 1.0.1 6.00 39.00 45.00 OK
r-devel-windows-x86_64-gcc10-UCRT 1.0.1 NOTE
r-patched-linux-x86_64 1.0.1 4.14 29.76 33.90 OK
r-release-linux-x86_64 1.0.1 4.53 29.34 33.87 OK
r-release-macos-arm64 1.0.1 NOTE
r-release-macos-x86_64 1.0.1 NOTE
r-release-windows-ix86+x86_64 1.0.1 9.00 39.00 48.00 OK
r-oldrel-macos-x86_64 1.0.1 NOTE
r-oldrel-windows-ix86+x86_64 1.0.1 7.00 32.00 39.00 OK

Check Details

Version: 1.0.1
Check: dependencies in R code
Result: NOTE
    Namespaces in Imports field not imported from:
     ‘NatureSounds’ ‘av’ ‘magrittr’ ‘stats’
     All declared Imports should be used.
Flavors: r-devel-linux-x86_64-fedora-clang, r-devel-linux-x86_64-fedora-gcc, r-devel-windows-x86_64-gcc10-UCRT, r-release-macos-arm64, r-release-macos-x86_64, r-oldrel-macos-x86_64

Version: 1.0.1
Check: Rd cross-references
Result: NOTE
    Undeclared package ‘warbleR’ in Rd xrefs
Flavor: r-devel-linux-x86_64-fedora-clang