CRAN Package Check Results for Package dwp

Last updated on 2022-08-14 09:52:04 CEST.

Flavor Version Tinstall Tcheck Ttotal Status Flags
r-devel-linux-x86_64-debian-clang 1.0 8.21 55.10 63.31 OK
r-devel-linux-x86_64-debian-gcc 1.0 7.47 42.11 49.58 OK
r-devel-linux-x86_64-fedora-clang 1.0 91.59 NOTE
r-devel-linux-x86_64-fedora-gcc 1.0 89.95 NOTE
r-devel-windows-x86_64 1.0 35.00 77.00 112.00 OK
r-patched-linux-x86_64 1.0 10.56 51.72 62.28 OK
r-release-linux-x86_64 1.0 9.06 52.15 61.21 OK
r-release-macos-arm64 1.0 25.00 NOTE
r-release-macos-x86_64 1.0 38.00 NOTE
r-release-windows-x86_64 1.0 27.00 82.00 109.00 OK
r-oldrel-macos-arm64 1.0 23.00 NOTE
r-oldrel-macos-x86_64 1.0 33.00 NOTE
r-oldrel-windows-ix86+x86_64 1.0 16.00 78.00 94.00 OK

Check Details

Version: 1.0
Check: dependencies in R code
Result: NOTE
    Namespaces in Imports field not imported from:
     ‘GenEst’ ‘expint’ ‘numDeriv’
     All declared Imports should be used.
Flavors: r-devel-linux-x86_64-fedora-clang, r-devel-linux-x86_64-fedora-gcc, r-release-macos-arm64, r-release-macos-x86_64, r-oldrel-macos-arm64, r-oldrel-macos-x86_64