CRAN Package Check Results for Package dub

Last updated on 2023-02-04 17:52:25 CET.

Flavor Version Tinstall Tcheck Ttotal Status Flags
r-devel-linux-x86_64-debian-clang 0.2.0 1.95 22.16 24.11 NOTE
r-devel-linux-x86_64-debian-gcc 0.2.0 1.61 17.81 19.42 NOTE
r-devel-linux-x86_64-fedora-clang 0.2.0 31.12 NOTE
r-devel-linux-x86_64-fedora-gcc 0.2.0 30.71 NOTE
r-devel-windows-x86_64 0.2.0 9.00 50.00 59.00 NOTE
r-patched-linux-x86_64 0.2.0 2.02 22.45 24.47 NOTE
r-release-linux-x86_64 0.2.0 2.06 23.19 25.25 NOTE
r-release-macos-arm64 0.2.0 15.00 NOTE
r-release-macos-x86_64 0.2.0 20.00 NOTE
r-release-windows-x86_64 0.2.0 8.00 53.00 61.00 NOTE
r-oldrel-macos-arm64 0.2.0 20.00 NOTE
r-oldrel-macos-x86_64 0.2.0 25.00 NOTE
r-oldrel-windows-ix86+x86_64 0.2.0 6.00 50.00 56.00 NOTE

Check Details

Version: 0.2.0
Check: LazyData
Result: NOTE
     'LazyData' is specified without a 'data' directory
Flavors: r-devel-linux-x86_64-debian-clang, r-devel-linux-x86_64-debian-gcc, r-devel-linux-x86_64-fedora-clang, r-devel-linux-x86_64-fedora-gcc, r-devel-windows-x86_64, r-patched-linux-x86_64, r-release-linux-x86_64, r-release-macos-arm64, r-release-macos-x86_64, r-release-windows-x86_64, r-oldrel-macos-arm64, r-oldrel-macos-x86_64, r-oldrel-windows-ix86+x86_64